{"id":76,"date":"2019-10-14T21:07:59","date_gmt":"2019-10-14T21:07:59","guid":{"rendered":"http:\/\/www.cs.ubbcluj.ro\/~meco\/ped2607\/?page_id=76"},"modified":"2022-10-24T09:39:58","modified_gmt":"2022-10-24T09:39:58","slug":"events","status":"publish","type":"page","link":"https:\/\/www.cs.ubbcluj.ro\/~meco\/ped2607\/events\/","title":{"rendered":"Events"},"content":{"rendered":"\n<p><strong>19.10.2022 \u2013 WORKSHOP \u201cDECISION SUPPORT SYSTEM FOR QUALITY ASSURANCE IN BREAST CANCER SCREENING\u201d<\/strong><\/p>\n\n\n\n<p><\/p>\n\n\n\n<p>Va invitam in data de 19.12.2022, incepand cu orele 14:00, sala 404 cladirea FSEGA, la workshop-ul dedicat prezentarii rezultatelor obtinute in cadrul proiectului&nbsp;<strong>\u201cIntegrated decision support system for quality assurance in breast cancer screening based on European guidelines (QAScreen)\u201c<\/strong><br><br>Descrierea proiectului:<\/p>\n\n\n\n<p>Introducerea unei politici de profilaxie a cancerului este prioritar\u0103 \u00een Rom\u00e2nia, unde num\u0103rul cazurilor cre\u015fte continuu. \u00cen Rom\u00e2nia cancerul de s\u00e2n are o inciden\u0163\u0103 de 95.4 cazuri\/100,000 \u015fi o rat\u0103 a mortalit\u0103\u0163ii de 33.5\/100,000. Toate acestea duc la necesitatea organiz\u0103rii unor programe de screening popula\u0163ionale, care au sc\u0103zut rata mortalit\u0103\u0163ii cu 25-30% \u00een alte \u0163\u0103ri. Pentru cancerul de s\u00e2n s-a derulat un pilot de screening \u00eentr-o regiune relativ mic\u0103 din nord-vestul Rom\u00e2niei iar screeningul la nivel na\u0163ional nu a \u00eenceput \u00eenc\u0103.&nbsp;<\/p>\n\n\n\n<p>Obiectivul general al proiectului QAScreen a fost construirea&nbsp;<strong>unui model inovativ func\u0163ional<\/strong>&nbsp;bazat pe standarde UE, pentru a sprijini luarea de decizii \u00een asigurarea calit\u0103\u0163ii programelor de screening pentru cancerul de s\u00e2n. Un obiectiv specific al proiectului este construirea unui&nbsp;<strong>sistem de evaluare pentru controlul proceselor de screening a cancerului de s\u00e2n<\/strong>&nbsp;\u015fi asigurarea calit\u0103\u0163ii lor prin calculul indicatorilor recomanda\u0163i de UE \u015fi crearea unor noi indicatori bazat pe tehnici de inteligen\u021b\u0103 artificial\u0103. Un al doilea obiectiv specific al proiectului este&nbsp;<strong>construirea unui sistem de suport decizional pentru asistarea speciali\u015ftilor medicali \u00een luarea deciziilor privind imaginile mamografice<\/strong>. Acest sistem va reduce timpul necesar interpret\u0103rii \u015fi va compensa astfel lipsa personalului. Un alt obstacol \u00een implementarea programelor de screening organizat \u00een Rom\u00e2nia este costul asociat. Pentru a solu\u0163iona aceast\u0103 problem\u0103, un al treilea obiectiv specific al proiectului este&nbsp;<strong>dezvoltarea unui sistem informatic de analiz\u0103 economic\u0103 \u015fi suport decizional medical care s\u0103 sus\u0163in\u0103 minimizarea costurilor procesului de screening<\/strong>.<\/p>\n","protected":false},"excerpt":{"rendered":"<p>19.10.2022 \u2013 WORKSHOP \u201cDECISION SUPPORT SYSTEM FOR QUALITY ASSURANCE IN BREAST CANCER SCREENING\u201d Va invitam in data de 19.12.2022, incepand cu orele 14:00, sala 404 cladirea FSEGA, la workshop-ul dedicat [&hellip;]<\/p>\n","protected":false},"author":1,"featured_media":0,"parent":0,"menu_order":0,"comment_status":"closed","ping_status":"closed","template":"","meta":[],"_links":{"self":[{"href":"https:\/\/www.cs.ubbcluj.ro\/~meco\/ped2607\/wp-json\/wp\/v2\/pages\/76"}],"collection":[{"href":"https:\/\/www.cs.ubbcluj.ro\/~meco\/ped2607\/wp-json\/wp\/v2\/pages"}],"about":[{"href":"https:\/\/www.cs.ubbcluj.ro\/~meco\/ped2607\/wp-json\/wp\/v2\/types\/page"}],"author":[{"embeddable":true,"href":"https:\/\/www.cs.ubbcluj.ro\/~meco\/ped2607\/wp-json\/wp\/v2\/users\/1"}],"replies":[{"embeddable":true,"href":"https:\/\/www.cs.ubbcluj.ro\/~meco\/ped2607\/wp-json\/wp\/v2\/comments?post=76"}],"version-history":[{"count":4,"href":"https:\/\/www.cs.ubbcluj.ro\/~meco\/ped2607\/wp-json\/wp\/v2\/pages\/76\/revisions"}],"predecessor-version":[{"id":352,"href":"https:\/\/www.cs.ubbcluj.ro\/~meco\/ped2607\/wp-json\/wp\/v2\/pages\/76\/revisions\/352"}],"wp:attachment":[{"href":"https:\/\/www.cs.ubbcluj.ro\/~meco\/ped2607\/wp-json\/wp\/v2\/media?parent=76"}],"curies":[{"name":"wp","href":"https:\/\/api.w.org\/{rel}","templated":true}]}}