{"id":426,"date":"2014-02-24T07:03:37","date_gmt":"2014-02-24T07:03:37","guid":{"rendered":"http:\/\/www.cs.ubbcluj.ro\/~lauras\/test\/?page_id=426"},"modified":"2018-09-26T08:17:44","modified_gmt":"2018-09-26T08:17:44","slug":"inteligenta-artificiala","status":"publish","type":"page","link":"https:\/\/www.cs.ubbcluj.ro\/~lauras\/research\/all-years\/inteligenta-artificiala\/","title":{"rendered":"Inteligenta artificiala 2017-2018"},"content":{"rendered":"<p>Examen in sesiunea de restante<\/p>\n<p>-scris, 13 iulie, ora 8, sala C310;<\/p>\n<p>&#8211; predare laboratoare, 13 iulie, ora 8, campus (studentii care sustin examenul scris, vor preda laboratoarele dupa terminarea examenului scris)<\/p>\n<table border=\"0\" cellspacing=\"0\" cellpadding=\"0\">\n<tbody>\n<tr>\n<td valign=\"top\" width=\"776\"><strong><strong>\u00a0Evaluare sesiunea de restante<br \/>\n<\/strong><\/strong>ASSERT (NrPuncteUnLaboratorPredat &gt; LimMinimaLab)ASSERT(existaMinim3LaboratoarePredate == True)<br \/>\nASSERT(nrPunctePeUnLaboratorNepredat == 0)<br \/>\nASSERT(nrPunctePeActivitateaDeSeminar == nr puncte pt participarea\u00a0activa\u00a0la seminarii)<\/p>\n<div>IF Nota &gt;= 5 THEN examenPromovat<\/div>\n<div>\u00a0 \u00a0 \u00a0 \u00a0 \u00a0 \u00a0 \u00a0 \u00a0 \u00a0 \u00a0 ELSE examenNepromovat<\/div>\n<div><\/div>\n<div>Nota:<\/div>\n<ol>\n<li>Punctele deja acumulate in timpul semestrului se pastreaza<\/li>\n<li>Temele de laborator predate in sesiunea de restante pot primi maxim 50% din punctajul aferente lor.<\/li>\n<\/ol>\n<\/td>\n<td valign=\"top\" width=\"240\">\u00a0<strong>Punctaj\u00a0 \u00a0 \u00a0 \u00a0 \u00a0 \u00a0 \u00a0 \u00a0 \u00a0Nota<\/strong><br \/>\n&lt;801\u00a0 \u00a0 \u00a0 \u00a0 \u00a0 \u00a0 nepromovat<br \/>\n[801,900]\u00a0 \u00a0 \u00a0 \u00a0 \u00a0 \u00a0 \u00a0 \u00a0 \u00a05<br \/>\n[901,1300]\u00a0 \u00a0 \u00a0 \u00a0 \u00a0 \u00a0 \u00a0 \u00a06<br \/>\n[1301,2000]\u00a0 \u00a0 \u00a0 \u00a0 \u00a0 \u00a0 \u00a07<br \/>\n[2001,3500]\u00a0 \u00a0 \u00a0 \u00a0 \u00a0 \u00a0 \u00a08<br \/>\n[3501,4500]\u00a0 \u00a0 \u00a0 \u00a0 \u00a0 \u00a0 \u00a09<br \/>\n&gt;4500\u00a0 \u00a0 \u00a0 \u00a0 \u00a0 \u00a0 \u00a0 \u00a0 \u00a0 \u00a0 \u00a0 10<\/td>\n<\/tr>\n<tr>\n<td valign=\"top\" width=\"776\"><strong>E<\/strong><strong>valuare<\/strong><br \/>\nASSERT (NrPrezenteSeminar &gt;= 6)<br \/>\nASSERT (NrPrezenteLab &gt;= 6)<br \/>\nASSERT (NrPuncteUnLaboratorPredat &gt; LimMinimaLab)ASSERT(existaMinim3LaboratoarePredate == True)<br \/>\nASSERT(nrPunctePeUnLaboratorNepredat == 0)<br \/>\nASSERT(nrPunctePeActivitateaDeSeminar == nr puncte pt participarea\u00a0<b>activa<\/b>\u00a0la seminarii)<\/p>\n<div>IF Nota &gt;= 5 THEN examenPromovat<\/div>\n<div>\u00a0 \u00a0 \u00a0 \u00a0 \u00a0 \u00a0 \u00a0 \u00a0 \u00a0 \u00a0 ELSE examenNepromovat<\/div>\n<\/td>\n<td valign=\"top\" width=\"240\"><strong>Punctaj\u00a0 \u00a0 \u00a0 \u00a0 \u00a0 \u00a0 \u00a0 \u00a0 \u00a0Nota<\/strong><br \/>\n&lt;801\u00a0 \u00a0 \u00a0 \u00a0 \u00a0 \u00a0 nepromovat<br \/>\n[801,900]\u00a0 \u00a0 \u00a0 \u00a0 \u00a0 \u00a0 \u00a0 \u00a0 \u00a05<br \/>\n[901,1300]\u00a0 \u00a0 \u00a0 \u00a0 \u00a0 \u00a0 \u00a0 \u00a06<br \/>\n[1301,2000]\u00a0 \u00a0 \u00a0 \u00a0 \u00a0 \u00a0 \u00a07<br \/>\n[2001,3500]\u00a0 \u00a0 \u00a0 \u00a0 \u00a0 \u00a0 \u00a08<br \/>\n[3501,4500]\u00a0 \u00a0 \u00a0 \u00a0 \u00a0 \u00a0 \u00a09<br \/>\n&gt;4500\u00a0 \u00a0 \u00a0 \u00a0 \u00a0 \u00a0 \u00a0 \u00a0 \u00a0 \u00a0 \u00a010<\/td>\n<\/tr>\n<\/tbody>\n<\/table>\n<table border=\"0\" cellspacing=\"0\" cellpadding=\"0\">\n<tbody>\n<tr>\n<td valign=\"top\" width=\"776\"><\/td>\n<td valign=\"top\" width=\"240\"><\/td>\n<\/tr>\n<\/tbody>\n<\/table>\n<p>&nbsp;<\/p>\n<p>&nbsp;<\/p>\n<table border=\"1\" width=\"950\" cellpadding=\"0\">\n<tbody>\n<tr>\n<td width=\"48\"><b>Data<\/b><\/td>\n<td width=\"309\"><b>Curs<\/b><\/td>\n<td width=\"378\"><b>Materiale de citit \u015fi leg\u0103turi utile<\/b><\/td>\n<td width=\"104\"><b>Seminar<\/b><\/td>\n<td width=\"100\"><b>Laborator<\/b><\/td>\n<\/tr>\n<tr>\n<td width=\"48\">S1<\/td>\n<td width=\"349\">Organizatorice &#8211; <a href=\"http:\/\/www.cs.ubbcluj.ro\/~lauras\/test\/docs\/school\/IA\/2017-2018\/lectures\/00_admin.pdf\" target=\"_blank\" rel=\"noopener\">ro<\/a><br \/>\nIntroducere \u00een IA &#8211;<a href=\"http:\/\/www.cs.ubbcluj.ro\/~lauras\/test\/docs\/school\/IA\/2017-2018\/lectures\/01_introAI.pdf\" target=\"_blank\" rel=\"noopener\"> ro<\/a><br \/>\nMetode de c\u0103utare<br \/>\n&#8211; metode neinformate si informate, Hill Climbing, Simulated Annealing, Tabu Search &#8211; <a href=\"http:\/\/www.cs.ubbcluj.ro\/~lauras\/test\/docs\/school\/IA\/2017-2018\/lectures\/01_search.pdf\" target=\"_blank\" rel=\"noopener\">ro<\/a><\/td>\n<td width=\"338\">\n<ul>\n<li><span style=\"font-size: xx-small;\">capitolele I.1, I.2, II.3, II.4 din S. Russell, P. Norvig, Artificial Intelligence: A Modern Approach, Prentice Hall, 1995<\/span><\/li>\n<li><span style=\"font-size: xx-small;\">capitolele 1 &#8211; 4 din C. Gro\u015fan, A. Abraham, Intelligent Systems: A Modern Approach, Springer, 2011<\/span><\/li>\n<li><span style=\"font-size: xx-small;\">capitolele 2.1 \u2013 2.5 din <a href=\"http:\/\/www-g.eng.cam.ac.uk\/mmg\/teaching\/artificialintelligence\/\">http:\/\/www-g.eng.cam.ac.uk\/mmg\/teaching\/artificialintelligence\/<\/a><\/span><\/li>\n<\/ul>\n<\/td>\n<td rowspan=\"2\" width=\"104\">Metode de c\u0103utare\u00a0<a href=\"http:\/\/www.cs.ubbcluj.ro\/~lauras\/test\/docs\/school\/IA\/2017-2018\/sem\/sem01_extins.pdf\" target=\"_blank\" rel=\"noopener\">sem<\/a><\/td>\n<td rowspan=\"2\" width=\"100\">Metode de cautare &#8211; <a href=\"http:\/\/www.cs.ubbcluj.ro\/~lauras\/test\/docs\/school\/IA\/2017-2018\/labs\/tema01_search.pdf\" target=\"_blank\" rel=\"noopener\">ro<\/a><\/td>\n<\/tr>\n<tr>\n<td width=\"48\">S2<\/td>\n<td width=\"349\">Metode de c\u0103utare<br \/>\n&#8211;\u00a0Algoritmi Evolutivi &#8211;\u00a0<a href=\"http:\/\/www.cs.ubbcluj.ro\/~lauras\/test\/docs\/school\/IA\/2017-2018\/lectures\/02_search_EAs.pdf\" target=\"_blank\" rel=\"noopener\">ro<\/a>\u00a0(suplim &#8211;\u00a0<a href=\"http:\/\/www.cs.ubbcluj.ro\/~lauras\/test\/docs\/school\/IA\/2017-2018\/lectures\/02_search_EA_suplim.pdf\" target=\"_blank\" rel=\"noopener\">ro<\/a>)<\/td>\n<td width=\"338\">\n<ul>\n<li><span style=\"font-size: xx-small;\">capitolul 14 din C. Gro\u015fan, A. Abraham, Intelligent Systems: A Modern Approach, Springer, 2011<\/span><\/li>\n<li><span style=\"font-size: xx-small;\">M. Mitchell, An Introduction to Genetic Algorithms, MIT Press, 1998<\/span><\/li>\n<li><span style=\"font-size: xx-small;\">capitolul 7.6 din A. A. Hopgood, Intelligent Systems for Engineers and Scientists, CRC Press, 2001<\/span><\/li>\n<li><span style=\"font-size: xx-small;\">Capitolul 9 din T. M. Mitchell, Machine Learning, McGraw-Hill Science, 1997<\/span><\/li>\n<\/ul>\n<\/td>\n<\/tr>\n<tr>\n<td width=\"48\">S3<\/td>\n<td width=\"349\">Metode de c\u0103utare-\u00a0Algoritmi inspira\u0163i de furnici, algoritmi inspira\u0163i de inteligen\u0163a de grup) &#8211;\u00a0<a href=\"http:\/\/www.cs.ubbcluj.ro\/~lauras\/test\/docs\/school\/IA\/2017-2018\/lectures\/03_search_PSO_ACO.pdf\" target=\"_blank\" rel=\"noopener\">ro<\/a>&#8211; Metode de c\u0103utare adversial\u0103 &#8211;\u00a0<a href=\"http:\/\/www.cs.ubbcluj.ro\/~lauras\/test\/docs\/school\/IA\/2017-2018\/lectures\/03_adversial_search.pdf\" target=\"_blank\" rel=\"noopener\">ro<\/a><\/td>\n<td width=\"338\">\n<ul>\n<li><span style=\"font-size: xx-small;\">capitolul 16 din C. Gro\u015fan, A. Abraham, Intelligent Systems: A Modern Approach, Springer, 2011<\/span><\/li>\n<li><span style=\"font-size: xx-small;\">James Kennedy, Russel Eberhart, Particle Swarm<br \/>\nOptimisation, Proceedings of IEEE International Conference<br \/>\non Neural Networks. IV. pp. 1942\u20131948, 1995<br \/>\n(05_ACO_PSO\/PSO_00.pdf)<\/span><\/li>\n<li><span style=\"font-size: xx-small;\">Marco Dorigo, Christian Blum, Ant colony optimization<br \/>\ntheory: A survey, Theoretical Computer Science 344 (2005)<\/span><\/li>\n<li><span style=\"font-size: xx-small;\">capitolul II.5 din S. Russell, P. Norvig, Artificial Intelligence: A Modern Approach, Prentice Hall, 1995<\/span><\/li>\n<li><span style=\"font-size: xx-small;\">capitolul 6 din H.F. Pop, G. \u015eerban, Inteligen\u0163\u0103 artificial\u0103, Cluj Napoca, 2004<\/span><\/li>\n<\/ul>\n<\/td>\n<td rowspan=\"2\" width=\"104\">Metode de c\u0103utare\u00a0<a href=\"http:\/\/www.cs.ubbcluj.ro\/~lauras\/test\/docs\/school\/IA\/2017-2018\/sem\/sem02_extins.pdf\" target=\"_blank\" rel=\"noopener\">sem<\/a><\/td>\n<td rowspan=\"2\" width=\"100\">Metode de c\u0103utare &#8211; <a href=\"http:\/\/www.cs.ubbcluj.ro\/~lauras\/test\/docs\/school\/IA\/2017-2018\/labs\/tema02_search.pdf\" target=\"_blank\" rel=\"noopener\">ro<\/a> <a href=\"http:\/\/www.cs.ubbcluj.ro\/~lauras\/test\/docs\/school\/IA\/2017-2018\/labs\/02.zip\" target=\"_blank\" rel=\"noopener\">date<\/a><\/td>\n<\/tr>\n<tr>\n<td width=\"48\">S4<\/td>\n<td width=\"349\">Invatare automata<br \/>\n&#8211; problematica <a href=\"http:\/\/www.cs.ubbcluj.ro\/~lauras\/test\/docs\/school\/IA\/2017-2018\/lectures\/04_ML.pdf\" target=\"_blank\" rel=\"noopener\">ro<\/a><br \/>\nInvatare automata supervizata<br \/>\n&#8211; algoritmi (least square, gradient descent)<\/td>\n<td rowspan=\"7\" width=\"338\">\n<ul>\n<li><span style=\"font-size: xx-small;\">capitolul VI (18) din S. Russell, P. Norvig, Artificial Intelligence: A Modern Approach, Prentice Hall, 1995<\/span><\/li>\n<li><span style=\"font-size: xx-small;\">capitolul 8 din Adrian A. Hopgood, Intelligent Systems for Engineers and Scientists, CRC Press, 2001<\/span><\/li>\n<li><span style=\"font-size: xx-small;\">capitolul 10, 11, 12, 13, 15 din C. Gro\u015fan, A. Abraham, Intelligent Systems: A Modern Approach, Springer, 2011<\/span><\/li>\n<li><span style=\"font-size: xx-small;\">Capitolul V din D. J. C. MacKey, Information Theory, Inferenceand Learning Algorithms, Cambridge University Press, 2003<\/span><\/li>\n<li><span style=\"font-size: xx-small;\">Capitolul 3 si 4 din T. M. Mitchell, Machine Learning, McGraw-Hill Science, 1997<\/span><\/li>\n<\/ul>\n<\/td>\n<\/tr>\n<tr>\n<td width=\"48\">S5<\/td>\n<td width=\"349\">Invatare automata supervizata<br \/>\n&#8211; algoritmi (logistic regression, kNN, decision trees, SVM) <a href=\"http:\/\/www.cs.ubbcluj.ro\/~lauras\/test\/docs\/school\/IA\/2017-2018\/lectures\/05_ML_decTrees.pdf\" target=\"_blank\" rel=\"noopener\">ro<\/a><\/td>\n<td rowspan=\"2\" width=\"104\">Regresie\u00a0<a href=\"http:\/\/www.cs.ubbcluj.ro\/~lauras\/test\/docs\/school\/IA\/2017-2018\/sem\/sem03_extins.pdf\" target=\"_blank\" rel=\"noopener\">sem<\/a><\/td>\n<td rowspan=\"2\" width=\"100\">Regresie <a href=\"http:\/\/www.cs.ubbcluj.ro\/~lauras\/test\/docs\/school\/IA\/2017-2018\/labs\/tema03_regression.pdf\" target=\"_blank\" rel=\"noopener\"> link <\/a><\/td>\n<\/tr>\n<tr>\n<td width=\"48\">S6<\/td>\n<td width=\"349\">Invatare automata supervizata<br \/>\n&#8211; algoritmi\u00a0 (ANN, GP) <a href=\"http:\/\/www.cs.ubbcluj.ro\/~lauras\/test\/docs\/school\/IA\/2017-2018\/lectures\/06_ML_ANN.pdf\" target=\"_blank\" rel=\"noopener\"> ANN <\/a> <a href=\"http:\/\/www.cs.ubbcluj.ro\/~lauras\/test\/docs\/school\/IA\/2017-2018\/lectures\/06_ML_GP.pdf\" target=\"_blank\" rel=\"noopener\"> GP <\/a><\/td>\n<\/tr>\n<tr>\n<td width=\"48\">S7<\/td>\n<td width=\"349\">Invatare automata supervizata<br \/>\n&#8211; algoritmi\u00a0 (deep learning)<\/td>\n<td rowspan=\"2\" width=\"104\">Clasificare\u00a0<a href=\"http:\/\/www.cs.ubbcluj.ro\/~lauras\/test\/docs\/school\/IA\/2017-2018\/sem\/sem04_extins.pdf\" target=\"_blank\" rel=\"noopener\">sem<\/a><\/td>\n<td rowspan=\"2\" width=\"100\">Clasificare <a href=\"http:\/\/www.cs.ubbcluj.ro\/~lauras\/test\/docs\/school\/IA\/2017-2018\/labs\/tema04_classification.pdf\" target=\"_blank\" rel=\"noopener\"> link <\/a><\/td>\n<\/tr>\n<tr>\n<td width=\"48\">S8<\/td>\n<td width=\"349\">Invatare automata nesupervizata<br \/>\n&#8211; algoritmi\u00a0 (kMeans) <a href=\"http:\/\/www.cs.ubbcluj.ro\/~lauras\/test\/docs\/school\/IA\/2017-2018\/lectures\/07_ML_kmeans.pdf\" target=\"_blank\" rel=\"noopener\"> ro <\/a><\/td>\n<\/tr>\n<tr>\n<td width=\"48\">S9<\/td>\n<td width=\"349\">Invatare automata prin intarire <a href=\"http:\/\/www.cs.ubbcluj.ro\/~lauras\/test\/docs\/school\/IA\/2017-2018\/lectures\/09_reinforce_hybrid.pdf\" target=\"_blank\" rel=\"noopener\"> ro <\/a><\/td>\n<td rowspan=\"2\" width=\"104\">Regresie si clasificare\u00a0<a href=\"http:\/\/www.cs.ubbcluj.ro\/~lauras\/test\/docs\/school\/IA\/2017-2018\/sem\/sem05_extins.pdf\" target=\"_blank\" rel=\"noopener\">sem<\/a><\/td>\n<td rowspan=\"2\" width=\"100\">Regresie si clasificare <a href=\"http:\/\/www.cs.ubbcluj.ro\/~lauras\/test\/docs\/school\/IA\/2017-2018\/labs\/tema05_regressionClassification.pdf\" target=\"_blank\" rel=\"noopener\"> link <\/a><\/td>\n<\/tr>\n<tr>\n<td width=\"48\">S10<\/td>\n<td width=\"349\">Invatare automata semi-supervizata<a href=\"http:\/\/www.cs.ubbcluj.ro\/~lauras\/test\/docs\/school\/IA\/2017-2018\/lectures\/08_ML_semisupervised.pdf\" target=\"_blank\" rel=\"noopener\"> ro <\/a><\/td>\n<\/tr>\n<tr>\n<td width=\"48\">S11<\/td>\n<td width=\"349\">&nbsp;<\/p>\n<p>Sisteme inteligente<br \/>\n&#8211; sisteme bazate pe reguli \u00een medii certe\u00a0<a href=\"http:\/\/www.cs.ubbcluj.ro\/~lauras\/test\/docs\/school\/IA\/2017-2018\/lectures\/10_KBS.pdf\" target=\"_blank\" rel=\"noopener\">ro<\/a><\/td>\n<td width=\"338\">\n<ul>\n<li><span style=\"font-size: xx-small;\">capitolul III din S. Russell, P. Norvig, Artificial Intelligence: A Modern Approach, Prentice Hall, 1995<\/span><\/li>\n<li><span style=\"font-size: xx-small;\">capitolul 4 \u015fi 5 din H.F. Pop, G. \u015eerban, Inteligen\u0163\u0103 artificial\u0103, Cluj Napoca, 2004<\/span><\/li>\n<li><span style=\"font-size: xx-small;\">capitolul 2 din Adrian A. Hopgood, Intelligent Systems for Engineers and Scientists, CRC Press, 2001<\/span><\/li>\n<li><span style=\"font-size: xx-small;\">capitolul 6 \u015fi 7 din C. Gro\u015fan, A. Abraham, Intelligent Systems: A Modern Approach, Springer, 2011<\/span><\/li>\n<\/ul>\n<\/td>\n<td rowspan=\"2\" width=\"104\">Regresie si clasificare <a href=\"http:\/\/www.cs.ubbcluj.ro\/~lauras\/test\/docs\/school\/IA\/2017-2018\/sem\/sem06_extins.pdf\" target=\"_blank\" rel=\"noopener\">sem<\/a><\/td>\n<td rowspan=\"2\" width=\"100\">Proiecte &#8211;\u00a0<a href=\"http:\/\/www.cs.ubbcluj.ro\/~lauras\/test\/docs\/school\/IA\/2017-2018\/labs\/tema06_project.pdf\" target=\"_blank\" rel=\"noopener\">link<\/a><\/p>\n<p>Date\u00a0<a href=\"http:\/\/www.cs.ubbcluj.ro\/~lauras\/test\/docs\/school\/IA\/2017-2018\/labs\/projects\/\" target=\"_blank\" rel=\"noopener\">link<\/a><\/td>\n<\/tr>\n<tr>\n<td width=\"48\">S12<\/td>\n<td width=\"349\">Prezentare Bosch\u00a0<a href=\"http:\/\/www.cs.ubbcluj.ro\/~lauras\/test\/docs\/school\/IA\/2017-2018\/lectures\/bosch.pdf\" target=\"_blank\" rel=\"noopener\">pdf<\/a>\u00a0<a href=\"http:\/\/www.cs.ubbcluj.ro\/~lauras\/test\/docs\/school\/IA\/2017-2018\/lectures\/bosch_deep.pdf\" target=\"_blank\" rel=\"noopener\">pdf<\/a><\/td>\n<td width=\"338\"><\/td>\n<\/tr>\n<tr>\n<td width=\"48\">S13<\/td>\n<td width=\"349\">Prezentare Evozone\u00a0<a href=\"http:\/\/www.cs.ubbcluj.ro\/~lauras\/test\/docs\/school\/IA\/2017-2018\/lectures\/bosch.pdf\" target=\"_blank\" rel=\"noopener\">pdf<\/a><\/td>\n<td width=\"338\"><\/td>\n<td rowspan=\"2\" width=\"104\">Invatare nesupervizata<\/td>\n<td rowspan=\"2\" width=\"100\"><\/td>\n<\/tr>\n<tr>\n<td width=\"48\">S14<\/td>\n<td width=\"349\">Sisteme inteligente<br \/>\n&#8211; sisteme bazate pe reguli \u00een medii incertee\u00a0<a href=\"http:\/\/www.cs.ubbcluj.ro\/~lauras\/test\/docs\/school\/IA\/2017-2018\/lectures\/11_KBS.pdf\" target=\"_blank\" rel=\"noopener\">ro<\/a><\/td>\n<td width=\"338\">\n<ul>\n<li><span style=\"font-size: xx-small;\">capitolul V din S. Russell, P. Norvig, Artificial Intelligence: A Modern Approach, Prentice Hall, 1995<\/span><\/li>\n<li><span style=\"font-size: xx-small;\">capitolul 3 din Adrian A. Hopgood, Intelligent Systems for Engineers and Scientists, CRC Press, 2001<\/span><\/li>\n<li><span style=\"font-size: xx-small;\">capitolul 8 \u015fi 9 din C. Gro\u015fan, A. Abraham, Intelligent Systems: A Modern Approach, Springer, 2011<\/span><\/li>\n<\/ul>\n<\/td>\n<\/tr>\n<\/tbody>\n<\/table>\n<p><span style=\"color: #ff0000;\"><strong>Modificare orar<\/strong><\/span><\/p>\n<p>Seminar IA grupa 224: marti (27 feb), 18-20, C510 (in loc de vineri, 2 martie, 10-12)<\/p>\n<p>Seminar IA grupa 225: vineri (2 martie), 18-20, L321 (in loc de vineri, 2 martie, 12-14)<\/p>\n<p>&nbsp;<\/p>\n<p>&nbsp;<\/p>\n<p>&nbsp;<\/p>\n","protected":false},"excerpt":{"rendered":"<p>Examen in sesiunea de restante -scris, 13 iulie, ora 8, sala C310; &#8211; predare laboratoare, 13 iulie, ora 8, campus (studentii care sustin examenul scris, vor preda laboratoarele dupa terminarea examenului scris) \u00a0Evaluare sesiunea de restante ASSERT (NrPuncteUnLaboratorPredat &gt; LimMinimaLab)ASSERT(existaMinim3LaboratoarePredate == True) ASSERT(nrPunctePeUnLaboratorNepredat == 0) ASSERT(nrPunctePeActivitateaDeSeminar == nr puncte pt participarea\u00a0activa\u00a0la seminarii) IF Nota &gt;= [&hellip;]<\/p>\n","protected":false},"author":1,"featured_media":0,"parent":32,"menu_order":3,"comment_status":"closed","ping_status":"closed","template":"","meta":[],"_links":{"self":[{"href":"https:\/\/www.cs.ubbcluj.ro\/~lauras\/wp-json\/wp\/v2\/pages\/426"}],"collection":[{"href":"https:\/\/www.cs.ubbcluj.ro\/~lauras\/wp-json\/wp\/v2\/pages"}],"about":[{"href":"https:\/\/www.cs.ubbcluj.ro\/~lauras\/wp-json\/wp\/v2\/types\/page"}],"author":[{"embeddable":true,"href":"https:\/\/www.cs.ubbcluj.ro\/~lauras\/wp-json\/wp\/v2\/users\/1"}],"replies":[{"embeddable":true,"href":"https:\/\/www.cs.ubbcluj.ro\/~lauras\/wp-json\/wp\/v2\/comments?post=426"}],"version-history":[{"count":204,"href":"https:\/\/www.cs.ubbcluj.ro\/~lauras\/wp-json\/wp\/v2\/pages\/426\/revisions"}],"predecessor-version":[{"id":968,"href":"https:\/\/www.cs.ubbcluj.ro\/~lauras\/wp-json\/wp\/v2\/pages\/426\/revisions\/968"}],"up":[{"embeddable":true,"href":"https:\/\/www.cs.ubbcluj.ro\/~lauras\/wp-json\/wp\/v2\/pages\/32"}],"wp:attachment":[{"href":"https:\/\/www.cs.ubbcluj.ro\/~lauras\/wp-json\/wp\/v2\/media?parent=426"}],"curies":[{"name":"wp","href":"https:\/\/api.w.org\/{rel}","templated":true}]}}