{"id":94,"date":"2015-02-28T14:51:41","date_gmt":"2015-02-28T14:51:41","guid":{"rendered":"https:\/\/www.cs.ubbcluj.ro\/~bufny\/?page_id=94"},"modified":"2026-01-24T12:41:45","modified_gmt":"2026-01-24T10:41:45","slug":"operating-systems-for-parallel-and-distributed-architectures","status":"publish","type":"page","link":"https:\/\/www.cs.ubbcluj.ro\/~bufny\/operating-systems-for-parallel-and-distributed-architectures\/","title":{"rendered":"Operating Systems for Parallel and Distributed Architectures \/ Operating Systems and Computer Architecture"},"content":{"rendered":"<p><!--\n\n\n\n<hr>\n\n\n\nDear All, some announcements from my side (Nov., 23rd):\n\n\n<ul>\n \t\n\n<li><strong>Homework Deadline Extension:<\/strong>\nSince installing Rocks version 7 has proven to be more challenging, the deadline for the first homework assignment has been extended to Week 11 (December 9th). I recommend completing the homework using Rocks version 6 and Oracle VirtualBox version 5 (my working cluster with Rocks version 6 runs on Oracle VirtualBox 5.2.44). Please note that other virtualization software might work as well. For those determined enough to stick with Rocks version 7, extra points will be awarded for a fully functioning virtualized cluster &#x1f60a;.<\/li>\n\n\n \t\n\n<li><strong>Exam Dates:<\/strong>\nAfter consulting with some of you, I have filled-in the exam dates in Academic Info. The dates are:\n\n\n<ul>\n \t\n\n<li>Regular session: February 5, 2025, at 17:00, Room C310 (Campus);<\/li>\n\n\n \t\n\n<li>Retake session: February 19, 2025, at 17:00, Room C310 (Campus);<\/li>\n\n\n \t\n\n<li>Additionally, there will be an extra date for the regular session that I will schedule.<\/li>\n\n\n<\/ul>\n\n\n<\/li>\n\n\n \t\n\n<li><strong>Clustering Presentation:<\/strong>\nRegarding the clustering-related presentation you need to prepare:\n\n\n<ul>\n \t\n\n<li>Please select an available time slot from <a href=\"https:\/\/ubbcluj.sharepoint.com\/:x:\/s\/HighPerformanceComputingandBigDataAnalytics\/ESiEoUXUbZ9NsTCbD6MYFfAB_uZhMxuir4WtzmQPtXIG1w?e=9kvyW0\">this file<\/a>. (You cannot edit the file yourself.)<\/li>\n\n\n \t\n\n<li>Send me an email with your chosen time slot and the title of your presentation. Any clustering-related topic is acceptable, but I need to approve it.<\/li>\n\n\n \t\n\n<li>Presentations with \u201ccatchier\u201d topics and engaging delivery will be graded higher.<\/li>\n\n\n \t\n\n<li>Available time slots are in Week 12, Week 14, and on one Monday during the regular session at 17:00 when your group has no other exams scheduled. If you identify such a date in your schedule, please email me so I can coordinate accordingly.<\/li>\n\n\n<\/ul>\n\n\n<\/li>\n\n\n<\/ul>\n\n\n--><\/p>\n<h2>Examene \u0219i date importante \u00een sesiune<\/h2>\n<table>\n<tbody>\n<tr>\n<td><strong>Data<\/strong><\/td>\n<td><strong>Sala, loca\u021bia<\/strong><\/td>\n<td><strong>Activitatea, ora<\/strong><\/td>\n<\/tr>\n<tr>\n<td>26.01.2026<\/td>\n<td>335, FSEGA<\/td>\n<td>Prezent\u0103rile programate de la ora 18:00, de la ora 17:00 \u201cvizit\u0103\u201d la cluster (ne \u00eent\u00e2lnim la ora 17:00 \u00een 335). Teme pentru cine mai are de predat.<\/td>\n<\/tr>\n<tr>\n<td>27.01.2026<\/td>\n<td>310, FSEGA<\/td>\n<td>Examen de la ora 13:00, preluare teme de la ora 11:00. Cine dore\u0219te s\u0103 mai predea teme, rog s\u0103 vin\u0103 la ora 11:00 (nu \u00eentre 11:00 \u0219i 13:00).<\/td>\n<\/tr>\n<tr>\n<td>30.01.2026<\/td>\n<td>6\/II, cl\u0103direa centrala UBB<\/td>\n<td>Examen de la ora 16:00, preluare teme de la ora 14:00. Cine dore\u0219te s\u0103 mai predea teme, rog s\u0103 vin\u0103 la ora 14:00 (nu \u00eentre 14:00 \u0219i 16:00).<\/td>\n<\/tr>\n<tr>\n<td>02.02.2026<\/td>\n<td>335, FSEGA<\/td>\n<td>Prezent\u0103rile programate, teme pentru cine mai are de predat.<\/td>\n<\/tr>\n<tr>\n<td>19.02.2026<\/td>\n<td>Amf. D. V. Ionescu (7\/I),  cl\u0103direa central\u0103 UBB<\/td>\n<td>Restan\u021b\u0103, ora 8:00<\/td>\n<\/tr>\n<\/tbody>\n<\/table>\n<h2>Homework #2<\/h2>\n<p>Test an MPI program of your choice and benchmark it on your cluster using a different number of compute nodes. Run it both in manual mode and through the job scheduler available on your Rocks cluster instance. Deadline: Week 14 (January 12, 2026).<\/p>\n<h2>Homework #1<\/h2>\n<p>Homework 1: Install a virtualized cluster containing a head node and at least two compute nodes in a virtual environment such as Oracle Virtual Box. The virtual cluster should run ROCKS Cluster Distribution 6.2 (recommended version). The number of compute nodes will depend on the available memory of your physical host. Deadline: Week 11 (December 8, 2025).<\/p>\n<h2>Information regarding the discipline<\/h2>\n<p>Name of the discipline:<br \/>\n<strong>Operating Systems for Parallel and Distributed Architectures<\/strong> (High Performance Computing and Big Data Analytics Master&#8217;s programme)<br \/>\n<strong>Operating Systems and Computer Architecture<\/strong> (Artificial Intelligence for Connected Industries Master&#8217;s programme)<\/p>\n<p>Course coordinator: <strong>Assoc. prof. Darius Bufnea<\/strong>, darius.bufnea at ubbcluj punct ro<\/p>\n<h2>Prerequisites<\/h2>\n<p>Curriculum: Operating Systems, Distributed Operating Systems, Computer Networks<br \/>\nCompetencies: Average administration and programming skills<\/p>\n<h2>Objectives of the discipline<\/h2>\n<p>General objective of the discipline: Know the key concepts of parallel cluster architectures<br \/>\nSpecific objective of the discipline: At the end of the course, students will know how to build, deploy, configure, maintain, monitor, debug a Linux parallel cluster.<\/p>\n<h2>Content<\/h2>\n<ol>\n<li>Introduction to Operating systems for parallel architectures<\/li>\n<li>Parallel Cluster architecture: Cluster Head Nodes, Computer Nodes, Clustering Middleware<\/li>\n<li>Parallel Cluster Paradigms: Single system image, Centralized system management, High processing capacity, Resource consolidation, Optimal use of resources, High-availability, Redundancy, Single points of failure, Failover protection and disaster recovery, Horizontal and vertical scalability, Load-balancing, Elasticity, Run jobs anytime, anywhere<\/li>\n<li>Design and configuration. Network prerequisites for a parallel cluster: LAN, bandwidth, latency, interface, security aspects. Nodes automatic configuration and deployment<\/li>\n<li>Virtualization of hardware, operating system, storage devices, computer network resources<\/li>\n<li>Beowulf clusters deployment and administrations<\/li>\n<li>Linux Cluster Distributions: Mosix, ClusterKnoppix. Automated operating systems and software provisioning for a Linux Cluster: Open Source Cluster Application Resources (OSCAR)<\/li>\n<li>Cluster resources: distributed memory architecture and distributed shared memory, distributed file systems (examples: IBM General Parallel File System, Microsoft&#8217;s Cluster Shared Volumes, Oracle Cluster File System<\/li>\n<li>Nodes and head node management, Cluster system management, Debugging and monitoring a parallel cluster, Node failure management<\/li>\n<li>Data sharing and communication, Message passing and communication, Parallel processing libraries: Parallel Virtual Machine toolkit and the Message Passing Interface library<\/li>\n<li>Software and development environment, Parallel application development and execution (Parallel Environment \u2013 PE), Job scheduling &amp; management<\/li>\n<\/ol>\n<h2>Bibliography<\/h2>\n<ol>\n<li>Gregory Pfister: <em>In Search of Clusters<\/em>, Prentice Hall; 2<sup>nd<\/sup> edition (December 22, 1997), ISBN-10: 0138997098, ISBN-13: 978-0138997090;<\/li>\n<li>George F. Coulouris, Jean Dollimore, Tim Kindberg: <em>Distributed Systems: Concepts and Design<\/em>, Addison-Wesley; 5<sup>th<\/sup> edition (May 7, 2011), ISBN-10: 0132143011, ISBN-13: 978-0132143011;<\/li>\n<li>Joseph D. Sloan: <em>High Performance Linux Clusters with OSCAR, Rocks, OpenMosix, and MPI<\/em>, O&#8217;Reilly Media (November 23, 2004), ISBN-10: 0596005709, ISBN-13: 978-0596005702;<\/li>\n<li>Daniel F. Savarese, Donald J. Becker, John Salmon, Thomas Sterling: <em>How to Build a Beowulf: A Guide to the Implementation and Application of PC Clusters<\/em>, The MIT Press (May 28, 1999), ISBN-10: 026269218X, ISBN-13: 978-0262692182;<\/li>\n<li>Gordon Bell, Thomas Sterling: <em>Beowulf Cluster Computing with Linux<\/em>, The MIT Press; 1<sup>st<\/sup> edition (October 1, 2001), ISBN-10: 0262692740, ISBN-13: 978-0262692748;<\/li>\n<li>Charles Bookman: <em>Linux Clustering: Building and Maintaining Linux Clusters<\/em>, Sams Publishing; 1<sup>st<\/sup> edition (June 29, 2002), ISBN-10: 1578702747, ISBN-13: 978-1578702749.<\/li>\n<\/ol>\n<h2>Evaluation<\/h2>\n<table>\n<tbody>\n<tr>\n<th>Type of activity<\/th>\n<th>Evaluation criteria<\/th>\n<th>Evaluation methods<\/th>\n<th>Share in the grade (%)<\/th>\n<\/tr>\n<tr>\n<td>Course<\/td>\n<td>Know the key theoretical concepts of parallel cluster architectures<\/td>\n<td>Written exam<\/td>\n<td>30%<\/td>\n<\/tr>\n<tr>\n<td rowspan=\"2\">Seminar\/lab activities<\/td>\n<td rowspan=\"2\">Know how to deploy, maintain, debug and monitor a parallel cluster<\/td>\n<td>Homework assignments<\/td>\n<td>30%<\/td>\n<\/tr>\n<tr>\n<td>Presentation on clustering related topics<\/td>\n<td>30%<\/td>\n<\/tr>\n<tr>\n<td>Default<\/td>\n<td><\/td>\n<td><\/td>\n<td>10%<\/td>\n<\/tr>\n<\/tbody>\n<\/table>\n","protected":false},"excerpt":{"rendered":"<p>Examene \u0219i date importante \u00een sesiune Data Sala, loca\u021bia Activitatea, ora 26.01.2026 335, FSEGA Prezent\u0103rile programate de la ora 18:00, de la ora 17:00 \u201cvizit\u0103\u201d la cluster (ne \u00eent\u00e2lnim la ora 17:00 \u00een 335). Teme pentru cine mai are de&hellip; <a href=\"https:\/\/www.cs.ubbcluj.ro\/~bufny\/operating-systems-for-parallel-and-distributed-architectures\/\" class=\"more-link\">Continue Reading <span class=\"meta-nav\">&rarr;<\/span><\/a><\/p>\n","protected":false},"author":1,"featured_media":0,"parent":0,"menu_order":0,"comment_status":"closed","ping_status":"closed","template":"","meta":[],"_links":{"self":[{"href":"https:\/\/www.cs.ubbcluj.ro\/~bufny\/wp-json\/wp\/v2\/pages\/94"}],"collection":[{"href":"https:\/\/www.cs.ubbcluj.ro\/~bufny\/wp-json\/wp\/v2\/pages"}],"about":[{"href":"https:\/\/www.cs.ubbcluj.ro\/~bufny\/wp-json\/wp\/v2\/types\/page"}],"author":[{"embeddable":true,"href":"https:\/\/www.cs.ubbcluj.ro\/~bufny\/wp-json\/wp\/v2\/users\/1"}],"replies":[{"embeddable":true,"href":"https:\/\/www.cs.ubbcluj.ro\/~bufny\/wp-json\/wp\/v2\/comments?post=94"}],"version-history":[{"count":100,"href":"https:\/\/www.cs.ubbcluj.ro\/~bufny\/wp-json\/wp\/v2\/pages\/94\/revisions"}],"predecessor-version":[{"id":2569,"href":"https:\/\/www.cs.ubbcluj.ro\/~bufny\/wp-json\/wp\/v2\/pages\/94\/revisions\/2569"}],"wp:attachment":[{"href":"https:\/\/www.cs.ubbcluj.ro\/~bufny\/wp-json\/wp\/v2\/media?parent=94"}],"curies":[{"name":"wp","href":"https:\/\/api.w.org\/{rel}","templated":true}]}}