{"id":147,"date":"2015-03-01T14:26:15","date_gmt":"2015-03-01T14:26:15","guid":{"rendered":"https:\/\/www.cs.ubbcluj.ro\/~bufny\/?page_id=147"},"modified":"2023-10-08T23:42:12","modified_gmt":"2023-10-08T20:42:12","slug":"curriculum-vitae","status":"publish","type":"page","link":"https:\/\/www.cs.ubbcluj.ro\/~bufny\/curriculum-vitae\/","title":{"rendered":"CURRICULUM VITAE"},"content":{"rendered":"<p><img decoding=\"async\" style=\"border: none; vertical-align: text-bottom;\" src=\"https:\/\/www.cs.ubbcluj.ro\/~bufny\/wp-content\/uploads\/pdf.png\" alt=\"\" \/> <a href=\"https:\/\/www.cs.ubbcluj.ro\/~bufny\/wp-content\/uploads\/cv_darius_bufnea_ro.pdf\" target=\"_blank\" rel=\"noopener noreferrer\">Curriculum Vitae \u00een format PDF<\/a><\/p>\n<h2>Informa\u0163ii personale<\/h2>\n<table>\n<tbody>\n<tr>\n<td>Nume, prenume<\/td>\n<td><strong>Bufnea Darius-Vasile<\/strong><\/td>\n<\/tr>\n<tr>\n<td>Adres\u0103<\/td>\n<td>Departamentul de Informatic\u0103, Facultatea de Matematic\u0103 \u015fi Informatic\u0103, Universitatea Babe\u015f-Bolyai, str. M. Kog\u0103lniceanu, nr. 1, 400084, Cluj-Napoca, Rom\u00e2nia<\/td>\n<\/tr>\n<tr>\n<td>Telefon<\/td>\n<td>+40-264-405300, int. 5829<\/td>\n<\/tr>\n<tr>\n<td>E-mail<\/td>\n<td><a href=\"mailto:bufny@cs.ubbcluj.ro\">bufny@cs.ubbcluj.ro<\/a><\/td>\n<\/tr>\n<tr>\n<td>Na\u0163ionalitate<\/td>\n<td>Rom\u00e2n\u0103<\/td>\n<\/tr>\n<tr>\n<td>Sex<\/td>\n<td>Masculin<\/td>\n<\/tr>\n<tr>\n<td>Locul de munc\u0103 actual \/ domeniul ocupa\u0163ional<\/td>\n<td>Conferen\u021biar universitar, Facultatea de Matematic\u0103 \u015fi Informatic\u0103, Universitatea Babe\u015f-Bolyai<\/td>\n<\/tr>\n<\/tbody>\n<\/table>\n<h2>Experien\u0163\u0103 profesional\u0103<\/h2>\n<table>\n<tbody>\n<tr>\n<td>Perioada<\/td>\n<td>2008-prezent<\/td>\n<\/tr>\n<tr>\n<td>Func\u0163ia sau postul ocupat<\/td>\n<td>Lector universitar<\/td>\n<\/tr>\n<tr>\n<td>Activit\u0103\u0163i \u015fi responsabilit\u0103\u0163i principale<\/td>\n<td>Sus\u0163inerea de cursuri, cercetare \u015fi conducerea de laboratoare \u015fi seminarii<\/td>\n<\/tr>\n<tr>\n<td>Numele \u015fi adresa angajatorului<\/td>\n<td>Departamentul de Informatic\u0103 (Catedra de Sisteme Informatice p\u00e2n\u0103 \u00een 2010), Facultatea de Matematic\u0103 \u015fi Informatic\u0103, Universitatea Babe\u015f-Bolyai, str. M. Kog\u0103lniceanu, nr. 1, 400084, Cluj-Napoca, Rom\u00e2nia<\/td>\n<\/tr>\n<tr>\n<td>Tipul activit\u0103\u0163ii sau sectorul de activitate<\/td>\n<td>Activitate didactic\u0103 \u015fi de cercetare<\/td>\n<\/tr>\n<tr>\n<td colspan=\"2\"><\/td>\n<\/tr>\n<tr>\n<td>Perioada<\/td>\n<td>2004-2008<\/td>\n<\/tr>\n<tr>\n<td>Func\u0163ia sau postul ocupat<\/td>\n<td>Asistent universitar<\/td>\n<\/tr>\n<tr>\n<td>Activit\u0103\u0163i \u015fi responsabilit\u0103\u0163i principale<\/td>\n<td>Cercetare \u015fi conducerea de laboratoare \u015fi seminarii<\/td>\n<\/tr>\n<tr>\n<td>Numele \u015fi adresa angajatorului<\/td>\n<td>Catedra de Sisteme Informatice, Facultatea de Matematic\u0103 \u015fi Informatic\u0103, Universitatea Babe\u015f-Bolyai, str. M. Kog\u0103lniceanu, nr. 1, 400084, Cluj-Napoca, Rom\u00e2nia<\/td>\n<\/tr>\n<tr>\n<td>Tipul activit\u0103\u0163ii sau sectorul de activitate<\/td>\n<td>Activitate didactic\u0103 \u015fi de cercetare<\/td>\n<\/tr>\n<tr>\n<td colspan=\"2\"><\/td>\n<\/tr>\n<tr>\n<td>Perioada<\/td>\n<td>2002-2004<\/td>\n<\/tr>\n<tr>\n<td>Func\u0163ia sau postul ocupat<\/td>\n<td>Preparator universitar<\/td>\n<\/tr>\n<tr>\n<td>Activit\u0103\u0163i \u015fi responsabilit\u0103\u0163i principale<\/td>\n<td>Cercetare \u015fi conducerea de laboratoare \u015fi seminarii<\/td>\n<\/tr>\n<tr>\n<td>Numele \u015fi adresa angajatorului<\/td>\n<td>Catedra de Sisteme Informatice, Facultatea de Matematic\u0103 \u015fi Informatic\u0103, Universitatea Babe\u015f-Bolyai,str. M. Kog\u0103lniceanu, nr. 1, 400084, Cluj-Napoca, Rom\u00e2nia<\/td>\n<\/tr>\n<tr>\n<td>Tipul activit\u0103\u0163ii sau sectorul de activitate<\/td>\n<td>Activitate didactic\u0103 \u015fi de cercetare<\/td>\n<\/tr>\n<tr>\n<td colspan=\"2\"><\/td>\n<\/tr>\n<tr>\n<td>Perioada<\/td>\n<td>2000-2002<\/td>\n<\/tr>\n<tr>\n<td>Func\u0163ia sau postul ocupat<\/td>\n<td>Analist programator<\/td>\n<\/tr>\n<tr>\n<td>Activit\u0103\u0163i \u015fi responsabilit\u0103\u0163i principale<\/td>\n<td>\u00centre\u0163inerea serverelor de comunica\u0163ii ale universit\u0103\u0163ii<\/td>\n<\/tr>\n<tr>\n<td>Numele \u015fi adresa angajatorului<\/td>\n<td>Centrul de Comunica\u0163ii, Universitatea Babe\u015f-Bolyai, Pia\u0163a \u015etefan cel Mare, nr. 4, Cluj-Napoca, Rom\u00e2nia<\/td>\n<\/tr>\n<tr>\n<td>Tipul activit\u0103\u0163ii sau sectorul de activitate<\/td>\n<td>Administrare servere de comunica\u0163ii<\/td>\n<\/tr>\n<tr>\n<td colspan=\"2\"><\/td>\n<\/tr>\n<tr>\n<td>Perioada<\/td>\n<td>1999-2000<\/td>\n<\/tr>\n<tr>\n<td>Func\u0163ia sau postul ocupat<\/td>\n<td>Tehnician<\/td>\n<\/tr>\n<tr>\n<td>Activit\u0103\u0163i \u015fi responsabilit\u0103\u0163i principale<\/td>\n<td>\u00centre\u0163inerea re\u0163elei de comunica\u0163ii a universit\u0103\u0163ii<\/td>\n<\/tr>\n<tr>\n<td>Numele \u015fi adresa angajatorului<\/td>\n<td>Centrul de Comunica\u0163ii, Universitatea Babe\u015f-Bolyai, Pia\u0163\u0103 \u015etefan cel Mare, nr. 4, Cluj-Napoca, Rom\u00e2nia<\/td>\n<\/tr>\n<tr>\n<td>Tipul activit\u0103\u0163ii sau sectorul de activitate<\/td>\n<td>Administrator re\u0163ea<\/td>\n<\/tr>\n<\/tbody>\n<\/table>\n<h2>Educa\u0163ie \u015fi formare<\/h2>\n<table>\n<tbody>\n<tr>\n<td>Perioada<\/td>\n<td>2001-2007<\/td>\n<\/tr>\n<tr>\n<td>Calificarea \/ diploma ob\u0163inut\u0103<\/td>\n<td>Doctor \u00een Informatic\u0103<\/td>\n<\/tr>\n<tr>\n<td>Disciplinele principale studiate \/ competen\u0163e profesionale dob\u00e2ndite<\/td>\n<td>Controlul congestiei, \u00cembun\u0103t\u0103\u0163iri ale traficului Web, Sisteme distribuite<\/td>\n<\/tr>\n<tr>\n<td>Numele \u015fi tipul institu\u0163iei de \u00eenv\u0103\u0163\u0103m\u00e2nt \/ furnizorului de formare<\/td>\n<td>Universitatea Babe\u015f-Bolyai<\/td>\n<\/tr>\n<tr>\n<td>Nivelul \u00een clasificarea na\u0163ional\u0103 sau interna\u0163ional\u0103<\/td>\n<td>Studii doctorale<\/td>\n<\/tr>\n<tr>\n<td colspan=\"2\"><\/td>\n<\/tr>\n<tr>\n<td>Perioada<\/td>\n<td>2000-2001<\/td>\n<\/tr>\n<tr>\n<td>Calificarea \/ diploma ob\u0163inut\u0103<\/td>\n<td>Studii aprofundate<\/td>\n<\/tr>\n<tr>\n<td>Disciplinele principale studiate \/ competen\u0163e profesionale dob\u00e2ndite<\/td>\n<td>Sisteme distribuite<\/td>\n<\/tr>\n<tr>\n<td>Numele \u015fi tipul institu\u0163iei de \u00eenv\u0103\u0163\u0103m\u00e2nt \/ furnizorului de formare<\/td>\n<td>Universitatea Babe\u015f-Bolyai, Facultatea de Matematic\u0103 \u015fi Informatic\u0103<\/td>\n<\/tr>\n<tr>\n<td>Nivelul \u00een clasificarea na\u0163ional\u0103 sau interna\u0163ional\u0103<\/td>\n<td>Studii postuniversitare<\/td>\n<\/tr>\n<tr>\n<td colspan=\"2\"><\/td>\n<\/tr>\n<tr>\n<td>Perioada<\/td>\n<td>1999-2000<\/td>\n<\/tr>\n<tr>\n<td>Calificarea \/ diploma ob\u0163inut\u0103<\/td>\n<td>Instructor Cisco CCNA<\/td>\n<\/tr>\n<tr>\n<td>Disciplinele principale studiate \/ competen\u0163e profesionale dob\u00e2ndite<\/td>\n<td>Cisco Networking Academy<\/td>\n<\/tr>\n<tr>\n<td>Numele \u015fi tipul institu\u0163iei de \u00eenv\u0103\u0163\u0103m\u00e2nt \/ furnizorului de formare<\/td>\n<td>RoEduNet, Cluj-Napoca<\/td>\n<\/tr>\n<tr>\n<td>Nivelul \u00een clasificarea na\u0163ional\u0103 sau interna\u0163ional\u0103<\/td>\n<td>Specializare profesional\u0103<\/td>\n<\/tr>\n<tr>\n<td colspan=\"2\"><\/td>\n<\/tr>\n<tr>\n<td>Perioada<\/td>\n<td>1996-2000<\/td>\n<\/tr>\n<tr>\n<td>Calificarea \/ diploma ob\u0163inut\u0103<\/td>\n<td>Licen\u0163iat \u00een Informatic\u0103<\/td>\n<\/tr>\n<tr>\n<td>Disciplinele principale studiate \/ competen\u0163e profesionale dob\u00e2ndite<\/td>\n<td>Informatic\u0103<\/td>\n<\/tr>\n<tr>\n<td>Numele \u015fi tipul institu\u0163iei de \u00eenv\u0103\u0163\u0103m\u00e2nt \/ furnizorului de formare<\/td>\n<td>Universitatea Babe\u015f-Bolyai,Facultatea de Matematic\u0103 \u015fi Informatic\u0103<\/td>\n<\/tr>\n<tr>\n<td>Nivelul \u00een clasificarea na\u0163ional\u0103 sau interna\u0163ional\u0103<\/td>\n<td>Studii universitare<\/td>\n<\/tr>\n<tr>\n<td colspan=\"2\"><\/td>\n<\/tr>\n<tr>\n<td>Perioada<\/td>\n<td>1992-1996<\/td>\n<\/tr>\n<tr>\n<td>Calificarea \/ diploma ob\u0163inut\u0103<\/td>\n<td>Bacalaureat<\/td>\n<\/tr>\n<tr>\n<td>Disciplinele principale studiate \/ competen\u0163e profesionale dob\u00e2ndite<\/td>\n<td>Informatic\u0103<\/td>\n<\/tr>\n<tr>\n<td>Numele \u015fi tipul institu\u0163iei de \u00eenv\u0103\u0163\u0103m\u00e2nt \/ furnizorului de formare<\/td>\n<td>Liceul teoretic &#8220;Lucian Blaga&#8221; Cluj-Napoca<\/td>\n<\/tr>\n<tr>\n<td>Nivelul \u00een clasificarea na\u0163ional\u0103 sau interna\u0163ional\u0103<\/td>\n<td>Studii liceale<\/td>\n<\/tr>\n<\/tbody>\n<\/table>\n<h2>Aptitudini \u015fi competen\u0163e<\/h2>\n<table>\n<tbody>\n<tr>\n<td>Limbi str\u0103ine cunoscute<\/td>\n<td>Engleza<\/td>\n<\/tr>\n<tr>\n<td>Competen\u0163e \u015fi abilit\u0103\u0163i sociale<\/td>\n<td>Lucrez de 19 ani \u00eentr-un mediu \u00een care comunicarea \u015fi munca \u00een echip\u0103 este foarte important\u0103. Pozi\u0163ia pe care o ocup presupune interac\u0163iunea cu diferite persoane (studen\u0163i, colegi din mediul academic) \u00eentr-un mediu multicultural.<\/td>\n<\/tr>\n<tr>\n<td>Competen\u0163e \u015fi aptitudini organizatorice<\/td>\n<td>Membru \u00een consiliul Facult\u0103\u0163ii de Matematic\u0103 \u015fi Informatic\u0103 din anul 2009<\/p>\n<p>Membru \u00een consiliul Departamentului de Informatic\u0103 din anul 2016<\/td>\n<\/tr>\n<tr>\n<td>Competen\u0163e \u015fi aptitudini tehnice<\/td>\n<td>\n<ul>\n<li>Cuno\u015ftin\u0163e avansate ale sistemelor de operare: Windows, Linux, Cisco IOS<\/li>\n<li>Cuno\u015ftin\u0163e avansate de programare \u00een limbajele: Java, C\/C++, PHP, limbaj de asamblare<\/li>\n<li>Cuno\u015ftin\u0163e avansate de re\u0163ele de calculatoare<\/li>\n<li>Cuno\u015ftin\u0163e avansate legate de stiva de protocoale TCP\/IP<\/li>\n<li>Cuno\u015ftin\u0163e avansate de programare Web (HTML, CSS, PHP, JSP, JavaScript, jQuery), webdesign, webmaster \u015fi prelucrarea de imagini<\/li>\n<\/ul>\n<\/td>\n<\/tr>\n<tr>\n<td>Competen\u0163e \u015fi aptitudini de utilizare a calculatorului<\/td>\n<td>Extrem de avansate<\/td>\n<\/tr>\n<tr>\n<td>Competen\u0163e \u015fi aptitudini artistice<\/td>\n<td>Fotografie (nivel avansat)<\/td>\n<\/tr>\n<tr>\n<td>Permise de conducere<\/td>\n<td>Categoria B din august 2004<\/td>\n<\/tr>\n<\/tbody>\n<\/table>\n<h2><a href=\"https:\/\/www.cs.ubbcluj.ro\/~bufny\/scientific-publications-journal-conference-proceedings-papers\/\">Anex\u0103: Lista articolelor publicate<\/a><\/h2>\n","protected":false},"excerpt":{"rendered":"<p>Curriculum Vitae \u00een format PDF Informa\u0163ii personale Nume, prenume Bufnea Darius-Vasile Adres\u0103 Departamentul de Informatic\u0103, Facultatea de Matematic\u0103 \u015fi Informatic\u0103, Universitatea Babe\u015f-Bolyai, str. M. Kog\u0103lniceanu, nr. 1, 400084, Cluj-Napoca, Rom\u00e2nia Telefon +40-264-405300, int. 5829 E-mail bufny@cs.ubbcluj.ro Na\u0163ionalitate Rom\u00e2n\u0103 Sex Masculin&hellip; <a href=\"https:\/\/www.cs.ubbcluj.ro\/~bufny\/curriculum-vitae\/\" class=\"more-link\">Continue Reading <span class=\"meta-nav\">&rarr;<\/span><\/a><\/p>\n","protected":false},"author":1,"featured_media":0,"parent":0,"menu_order":0,"comment_status":"closed","ping_status":"closed","template":"","meta":[],"_links":{"self":[{"href":"https:\/\/www.cs.ubbcluj.ro\/~bufny\/wp-json\/wp\/v2\/pages\/147"}],"collection":[{"href":"https:\/\/www.cs.ubbcluj.ro\/~bufny\/wp-json\/wp\/v2\/pages"}],"about":[{"href":"https:\/\/www.cs.ubbcluj.ro\/~bufny\/wp-json\/wp\/v2\/types\/page"}],"author":[{"embeddable":true,"href":"https:\/\/www.cs.ubbcluj.ro\/~bufny\/wp-json\/wp\/v2\/users\/1"}],"replies":[{"embeddable":true,"href":"https:\/\/www.cs.ubbcluj.ro\/~bufny\/wp-json\/wp\/v2\/comments?post=147"}],"version-history":[{"count":33,"href":"https:\/\/www.cs.ubbcluj.ro\/~bufny\/wp-json\/wp\/v2\/pages\/147\/revisions"}],"predecessor-version":[{"id":2420,"href":"https:\/\/www.cs.ubbcluj.ro\/~bufny\/wp-json\/wp\/v2\/pages\/147\/revisions\/2420"}],"wp:attachment":[{"href":"https:\/\/www.cs.ubbcluj.ro\/~bufny\/wp-json\/wp\/v2\/media?parent=147"}],"curies":[{"name":"wp","href":"https:\/\/api.w.org\/{rel}","templated":true}]}}