{"id":9,"date":"2021-05-08T07:18:46","date_gmt":"2021-05-08T07:18:46","guid":{"rendered":"https:\/\/www.cs.ubbcluj.ro\/~avescan\/elevator\/?page_id=9"},"modified":"2022-11-28T09:32:09","modified_gmt":"2022-11-28T09:32:09","slug":"acasa","status":"publish","type":"page","link":"https:\/\/www.cs.ubbcluj.ro\/~avescan\/elevator\/index.php\/ro\/acasa\/","title":{"rendered":"Acasa"},"content":{"rendered":"\r\n<p><strong>Predarea, \u00eenv\u0103\u021barea \u0219i evaluarea \u00eentr-o lume distan\u021bat\u0103 social <\/strong><\/p>\r\n\r\n\r\n\r\n<p><strong>(tEaching, Learning and EValuating in a sociAlly disTancing wORld (ELEVATOR)<\/strong><\/p>\r\n<p>&nbsp;<\/p>\r\n<p><strong>P3 &#8211; European and international cooperation<\/strong><\/p>\r\n<p><strong><span lang=\"fr\">Funding source: Unitatea Executiv\u0103 pentru Finan\u021barea \u00cenv\u0103\u021b\u0103m\u00e2ntului Superior, a Cercet\u0103rii, Dezvolt\u0103rii \u0219i Inov\u0103rii (UEFISCDI),<\/span><\/strong><b><span lang=\"fr\"><br aria-hidden=\"true\" \/><strong>Code: <em><label id=\"351508539_list.codDepunere@1\" for=\"null\">PN-III-CEI-BIM-PBE-2020-0021<\/label><\/em><\/strong><br aria-hidden=\"true\" \/><strong>Contract no.: <label id=\"351508539_list.nrContract@1\" for=\"null\">14 BM<\/label>\u00a0din\u00a0<label id=\"351508539_list.dataContract@1\" for=\"null\">15\/01\/2021<\/label><\/strong><\/span><\/b><\/p>\r\n<p><strong><span lang=\"fr\">\u00a0<\/span><\/strong><\/p>\r\n<p>&nbsp;<\/p>\r\n<p><img loading=\"lazy\" class=\"alignnone size-medium wp-image-130\" src=\"https:\/\/www.cs.ubbcluj.ro\/~avescan\/elevator\/wp-content\/uploads\/2022\/11\/logo_big-WBI-300x168.png\" alt=\"\" width=\"300\" height=\"168\" srcset=\"https:\/\/www.cs.ubbcluj.ro\/~avescan\/elevator\/wp-content\/uploads\/2022\/11\/logo_big-WBI-300x168.png 300w, https:\/\/www.cs.ubbcluj.ro\/~avescan\/elevator\/wp-content\/uploads\/2022\/11\/logo_big-WBI.png 320w\" sizes=\"(max-width: 300px) 100vw, 300px\" \/> <img loading=\"lazy\" class=\"alignnone size-medium wp-image-131\" src=\"https:\/\/www.cs.ubbcluj.ro\/~avescan\/elevator\/wp-content\/uploads\/2022\/11\/Logo-uefiscdi-300x150.png\" alt=\"\" width=\"300\" height=\"150\" srcset=\"https:\/\/www.cs.ubbcluj.ro\/~avescan\/elevator\/wp-content\/uploads\/2022\/11\/Logo-uefiscdi-300x150.png 300w, https:\/\/www.cs.ubbcluj.ro\/~avescan\/elevator\/wp-content\/uploads\/2022\/11\/Logo-uefiscdi-768x384.png 768w, https:\/\/www.cs.ubbcluj.ro\/~avescan\/elevator\/wp-content\/uploads\/2022\/11\/Logo-uefiscdi.png 1000w\" sizes=\"(max-width: 300px) 100vw, 300px\" \/><\/p>\r\n<p><img loading=\"lazy\" class=\"alignnone size-medium wp-image-134\" src=\"https:\/\/www.cs.ubbcluj.ro\/~avescan\/elevator\/wp-content\/uploads\/2022\/11\/univ-Namur.png\" alt=\"\" width=\"128\" height=\"206\" \/>\u00a0 \u00a0 \u00a0 \u00a0 \u00a0 \u00a0 \u00a0 \u00a0 \u00a0 \u00a0 \u00a0 \u00a0 \u00a0 \u00a0 \u00a0 \u00a0 \u00a0 \u00a0 \u00a0 \u00a0 \u00a0 \u00a0 <img loading=\"lazy\" class=\"alignnone size-medium wp-image-133\" src=\"https:\/\/www.cs.ubbcluj.ro\/~avescan\/elevator\/wp-content\/uploads\/2022\/11\/logo-ubb-300x142.png\" alt=\"\" width=\"300\" height=\"142\" srcset=\"https:\/\/www.cs.ubbcluj.ro\/~avescan\/elevator\/wp-content\/uploads\/2022\/11\/logo-ubb-300x142.png 300w, https:\/\/www.cs.ubbcluj.ro\/~avescan\/elevator\/wp-content\/uploads\/2022\/11\/logo-ubb-768x363.png 768w, https:\/\/www.cs.ubbcluj.ro\/~avescan\/elevator\/wp-content\/uploads\/2022\/11\/logo-ubb.png 978w\" sizes=\"(max-width: 300px) 100vw, 300px\" \/><\/p>\r\n<p>&nbsp;<\/p>\r\n<p>&nbsp;<\/p>\r\n<p><strong>Rezumat<\/strong><\/p>\r\n<p>\u00cenv\u0103\u021barea este un parteneriat \u00eentre profesor \u0219i student, ambii actori \u00een crearea cuno\u0219tin\u021belor. Metodele de predare trebuie s\u0103 fie adaptate mediului \u0219i contextului de \u00eenv\u0103\u021bare (blended, online, fa\u021b\u0103 \u00een fa\u021b\u0103), precum \u0219i caracteristicilor personale ale studen\u021bilor.<\/p>\r\n<p>\r\n\r\n<\/p>\r\n<p>Proiectarea activit\u0103\u021bilor de \u00eenv\u0103\u021bare joac\u0103 un rol major nu numai \u00een implicarea activ\u0103 a studen\u021bilor, ci \u0219i \u00een asigurarea unei \u00eenv\u0103\u021b\u0103ri eficiente. Evaluarea formativ\u0103, de c\u0103tre profesori sau prin autoevaluare, contribuie la un diagnostic timpuriu al abilit\u0103\u021bilor dob\u00e2ndite, identific\u00e2nd \u0219i ne\u00een\u021belegerile. Con\u0219tien\u021bi de acestea, profesorii pot ac\u021biona utiliz\u00e2nd diferite strategii pentru a le corecta \u0219i aprofunda \u00een\u021belegerea conceptelor predate.<\/p>\r\n<p>\r\n\r\n<\/p>\r\n<p>Proiectul nostru va investiga \u0219i propune solu\u021bii legate at\u00e2t de activit\u0103\u021bile eficiente de proiectare a \u00eenv\u0103\u021b\u0103rii, c\u00e2t \u0219i de abord\u0103ri de diagnostic timpuriu ale ne\u00een\u021belegerii, \u00een special \u00een contextul e-learning. Predarea \u00eentr-o lume distan\u021bat\u0103 social este o provocare abordat\u0103 prin integrarea unei perspective emo\u021bionale, permi\u021b\u00e2ndu-le s\u0103 studiem impactul caracteristicilor personale \u00een \u00eenv\u0103\u021bare.<\/p>\r\n<p>\r\n\r\n<\/p>\r\n<p>Pentru atingerea obiectivelor, vom utiliza o abordare mixt\u0103 care combin\u0103 analiza cantitativ\u0103 \u0219i calitativ\u0103, permi\u021b\u00e2ndu-ne s\u0103 \u00een\u021belegem statisticile \u0219i s\u0103 percepem \u00eenv\u0103\u021barea din perspectiva celor doi actori ai s\u0103i, studen\u021bi \u0219i profesori.<\/p>\r\n<p>\r\n\r\n<\/p>\r\n<p>Simbioza cuno\u0219tin\u021belor echipei va fi favorizat\u0103 de vizitele \u00eentre cele dou\u0103 \u021b\u0103ri \u0219i va genera practici inovatoare, mai receptive \u0219i eficiente de e-learning.<\/p>\r\n","protected":false},"excerpt":{"rendered":"<p>Predarea, \u00eenv\u0103\u021barea \u0219i evaluarea \u00eentr-o lume distan\u021bat\u0103 social (tEaching, Learning and EValuating in a sociAlly disTancing wORld (ELEVATOR) &nbsp; P3 &#8211; European and international cooperation Funding source: Unitatea Executiv\u0103 pentru Finan\u021barea \u00cenv\u0103\u021b\u0103m\u00e2ntului Superior, a Cercet\u0103rii, Dezvolt\u0103rii \u0219i Inov\u0103rii (UEFISCDI),Code: PN-III-CEI-BIM-PBE-2020-0021Contract no.: 14 BM\u00a0din\u00a015\/01\/2021 \u00a0 &nbsp; \u00a0 \u00a0 \u00a0 \u00a0 \u00a0 \u00a0 \u00a0 \u00a0 \u00a0 \u00a0 [&hellip;]<\/p>\n","protected":false},"author":1,"featured_media":0,"parent":0,"menu_order":0,"comment_status":"closed","ping_status":"closed","template":"","meta":[],"_links":{"self":[{"href":"https:\/\/www.cs.ubbcluj.ro\/~avescan\/elevator\/index.php\/wp-json\/wp\/v2\/pages\/9"}],"collection":[{"href":"https:\/\/www.cs.ubbcluj.ro\/~avescan\/elevator\/index.php\/wp-json\/wp\/v2\/pages"}],"about":[{"href":"https:\/\/www.cs.ubbcluj.ro\/~avescan\/elevator\/index.php\/wp-json\/wp\/v2\/types\/page"}],"author":[{"embeddable":true,"href":"https:\/\/www.cs.ubbcluj.ro\/~avescan\/elevator\/index.php\/wp-json\/wp\/v2\/users\/1"}],"replies":[{"embeddable":true,"href":"https:\/\/www.cs.ubbcluj.ro\/~avescan\/elevator\/index.php\/wp-json\/wp\/v2\/comments?post=9"}],"version-history":[{"count":5,"href":"https:\/\/www.cs.ubbcluj.ro\/~avescan\/elevator\/index.php\/wp-json\/wp\/v2\/pages\/9\/revisions"}],"predecessor-version":[{"id":137,"href":"https:\/\/www.cs.ubbcluj.ro\/~avescan\/elevator\/index.php\/wp-json\/wp\/v2\/pages\/9\/revisions\/137"}],"wp:attachment":[{"href":"https:\/\/www.cs.ubbcluj.ro\/~avescan\/elevator\/index.php\/wp-json\/wp\/v2\/media?parent=9"}],"curies":[{"name":"wp","href":"https:\/\/api.w.org\/{rel}","templated":true}]}}