{"id":49,"date":"2021-08-31T21:48:57","date_gmt":"2021-08-31T21:48:57","guid":{"rendered":"https:\/\/www.cs.ubbcluj.ro\/~avescan\/elevator\/?page_id=49"},"modified":"2022-11-28T09:32:26","modified_gmt":"2022-11-28T09:32:26","slug":"home","status":"publish","type":"page","link":"https:\/\/www.cs.ubbcluj.ro\/~avescan\/elevator\/index.php\/home\/","title":{"rendered":"Home"},"content":{"rendered":"\r\n<p><strong>tEaching, Learning and EValuating in a sociAlly disTancing wORld (ELEVATOR)<\/strong><\/p>\r\n<p>&nbsp;<\/p>\r\n<p><strong>P3 &#8211; European and international cooperation<\/strong><\/p>\r\n<p><strong><span lang=\"fr\">Funding source: Unitatea Executiv\u0103 pentru Finan\u021barea \u00cenv\u0103\u021b\u0103m\u00e2ntului Superior, a Cercet\u0103rii, Dezvolt\u0103rii \u0219i Inov\u0103rii (UEFISCDI),<\/span><\/strong><b><span lang=\"fr\"><br aria-hidden=\"true\" \/><strong>Code: <em><label id=\"351508539_list.codDepunere@1\" for=\"null\">PN-III-CEI-BIM-PBE-2020-0021<\/label><\/em><\/strong><br aria-hidden=\"true\" \/><strong>Contract no.: <label id=\"351508539_list.nrContract@1\" for=\"null\">14 BM<\/label>\u00a0din\u00a0<label id=\"351508539_list.dataContract@1\" for=\"null\">15\/01\/2021<\/label><\/strong><\/span><\/b><\/p>\r\n<p>&nbsp;<\/p>\r\n<p><img loading=\"lazy\" class=\"alignnone size-medium wp-image-130\" src=\"https:\/\/www.cs.ubbcluj.ro\/~avescan\/elevator\/wp-content\/uploads\/2022\/11\/logo_big-WBI-300x168.png\" alt=\"\" width=\"300\" height=\"168\" srcset=\"https:\/\/www.cs.ubbcluj.ro\/~avescan\/elevator\/wp-content\/uploads\/2022\/11\/logo_big-WBI-300x168.png 300w, https:\/\/www.cs.ubbcluj.ro\/~avescan\/elevator\/wp-content\/uploads\/2022\/11\/logo_big-WBI.png 320w\" sizes=\"(max-width: 300px) 100vw, 300px\" \/> <img loading=\"lazy\" class=\"alignnone size-medium wp-image-131\" src=\"https:\/\/www.cs.ubbcluj.ro\/~avescan\/elevator\/wp-content\/uploads\/2022\/11\/Logo-uefiscdi-300x150.png\" alt=\"\" width=\"300\" height=\"150\" srcset=\"https:\/\/www.cs.ubbcluj.ro\/~avescan\/elevator\/wp-content\/uploads\/2022\/11\/Logo-uefiscdi-300x150.png 300w, https:\/\/www.cs.ubbcluj.ro\/~avescan\/elevator\/wp-content\/uploads\/2022\/11\/Logo-uefiscdi-768x384.png 768w, https:\/\/www.cs.ubbcluj.ro\/~avescan\/elevator\/wp-content\/uploads\/2022\/11\/Logo-uefiscdi.png 1000w\" sizes=\"(max-width: 300px) 100vw, 300px\" \/><\/p>\r\n<p><img loading=\"lazy\" class=\"alignnone size-medium wp-image-134\" src=\"https:\/\/www.cs.ubbcluj.ro\/~avescan\/elevator\/wp-content\/uploads\/2022\/11\/univ-Namur.png\" alt=\"\" width=\"128\" height=\"206\" \/>\u00a0 \u00a0 \u00a0 \u00a0 \u00a0 \u00a0 \u00a0 \u00a0 \u00a0 \u00a0 \u00a0 \u00a0 \u00a0 \u00a0 \u00a0 \u00a0 \u00a0 \u00a0 \u00a0 \u00a0 \u00a0 \u00a0 <img loading=\"lazy\" class=\"alignnone size-medium wp-image-133\" src=\"https:\/\/www.cs.ubbcluj.ro\/~avescan\/elevator\/wp-content\/uploads\/2022\/11\/logo-ubb-300x142.png\" alt=\"\" width=\"300\" height=\"142\" srcset=\"https:\/\/www.cs.ubbcluj.ro\/~avescan\/elevator\/wp-content\/uploads\/2022\/11\/logo-ubb-300x142.png 300w, https:\/\/www.cs.ubbcluj.ro\/~avescan\/elevator\/wp-content\/uploads\/2022\/11\/logo-ubb-768x363.png 768w, https:\/\/www.cs.ubbcluj.ro\/~avescan\/elevator\/wp-content\/uploads\/2022\/11\/logo-ubb.png 978w\" sizes=\"(max-width: 300px) 100vw, 300px\" \/><\/p>\r\n<p><strong>Summary<\/strong><\/p>\r\n<p>Learning is a partnership between teacher and student, both actors in the creation of knowledge. Teaching methods must be adapted to the learning environment and context (blended, online, presence), as well as to the personal characteristics of the students.<\/p>\r\n<p>Learning activities design plays a major role, not only in engaging students, but also in ensuring effective learning. Formative assessment, either by teachers or through self-evaluation, contributes to an early diagnosis of the skills acquired by students, also identifying misunderstandings. Aware of these ones, the teachers can act through various strategies to correct them and deepen the understanding of the concepts taught.<\/p>\r\n<p>Our project will investigate and propose solutions related to both efficient learning design activities and early misunderstandings diagnostic approaches, particularly in an e-learning context. Teaching in a socially distant world is a challenge that we are addressing by integrating an emotional perspective, allowing us to study the impact of personal characteristics in learning.<\/p>\r\n<p>To achieve these objectives, a mixed approach, combining quantitative and qualitative analysis, will be considered allowing us to make sense of statistics and to perceive learning from the perspectives of its two actors, i.e students and teachers.<\/p>\r\n<p>The symbiosis of the team&#8217;s knowledge will be fostered by exchanges between the two countries and will generate innovative, more responsive and effective e-learning practices.<\/p>\r\n","protected":false},"excerpt":{"rendered":"<p>tEaching, Learning and EValuating in a sociAlly disTancing wORld (ELEVATOR) &nbsp; P3 &#8211; European and international cooperation Funding source: Unitatea Executiv\u0103 pentru Finan\u021barea \u00cenv\u0103\u021b\u0103m\u00e2ntului Superior, a Cercet\u0103rii, Dezvolt\u0103rii \u0219i Inov\u0103rii (UEFISCDI),Code: PN-III-CEI-BIM-PBE-2020-0021Contract no.: 14 BM\u00a0din\u00a015\/01\/2021 &nbsp; \u00a0 \u00a0 \u00a0 \u00a0 \u00a0 \u00a0 \u00a0 \u00a0 \u00a0 \u00a0 \u00a0 \u00a0 \u00a0 \u00a0 \u00a0 \u00a0 \u00a0 \u00a0 \u00a0 [&hellip;]<\/p>\n","protected":false},"author":1,"featured_media":0,"parent":0,"menu_order":0,"comment_status":"closed","ping_status":"closed","template":"","meta":[],"_links":{"self":[{"href":"https:\/\/www.cs.ubbcluj.ro\/~avescan\/elevator\/index.php\/wp-json\/wp\/v2\/pages\/49"}],"collection":[{"href":"https:\/\/www.cs.ubbcluj.ro\/~avescan\/elevator\/index.php\/wp-json\/wp\/v2\/pages"}],"about":[{"href":"https:\/\/www.cs.ubbcluj.ro\/~avescan\/elevator\/index.php\/wp-json\/wp\/v2\/types\/page"}],"author":[{"embeddable":true,"href":"https:\/\/www.cs.ubbcluj.ro\/~avescan\/elevator\/index.php\/wp-json\/wp\/v2\/users\/1"}],"replies":[{"embeddable":true,"href":"https:\/\/www.cs.ubbcluj.ro\/~avescan\/elevator\/index.php\/wp-json\/wp\/v2\/comments?post=49"}],"version-history":[{"count":4,"href":"https:\/\/www.cs.ubbcluj.ro\/~avescan\/elevator\/index.php\/wp-json\/wp\/v2\/pages\/49\/revisions"}],"predecessor-version":[{"id":138,"href":"https:\/\/www.cs.ubbcluj.ro\/~avescan\/elevator\/index.php\/wp-json\/wp\/v2\/pages\/49\/revisions\/138"}],"wp:attachment":[{"href":"https:\/\/www.cs.ubbcluj.ro\/~avescan\/elevator\/index.php\/wp-json\/wp\/v2\/media?parent=49"}],"curies":[{"name":"wp","href":"https:\/\/api.w.org\/{rel}","templated":true}]}}