{"id":54,"date":"2021-04-16T15:47:52","date_gmt":"2021-04-16T15:47:52","guid":{"rendered":"https:\/\/www.cs.ubbcluj.ro\/~avescan\/avenir\/?page_id=54"},"modified":"2021-05-28T12:37:40","modified_gmt":"2021-05-28T12:37:40","slug":"participa-activ","status":"publish","type":"page","link":"https:\/\/www.cs.ubbcluj.ro\/~avescan\/avenir\/index.php\/participa-activ\/","title":{"rendered":"Participez activement"},"content":{"rendered":"<h2><strong>Share the meal<\/strong><\/h2>\n<p>ShareTheMeal, un projet du Programme Alimentaire Mondial des Nations Unies, est une application mobile qui vous permet de \u00abpartager un repas\u00bb avec un enfant dans le besoin, en contribuant une seule somme d&#8217;argent d&#8217;une simple pression sur le t\u00e9l\u00e9phone. ShareTheMeal est une organisation \u00e0 but non lucratif qui collecte des fonds pour nourrir les gens et contribuer \u00e0 l&#8217;objectif d&#8217;un monde sans faim. Les utilisateurs peuvent choisir une cause pour leur don et faire un don de 0,80 $ (ou plus) avec une seule touche dans l&#8217;application. Les fonds sont re\u00e7us par le Programme alimentaire mondial des Nations Unies, qui distribuent ensuite les repas.<\/p>\n<p><a href=\"https:\/\/sharethemeal.org\/en\/\">https:\/\/sharethemeal.org\/en\/<\/a><\/p>\n<h2><strong>Every kid fed<\/strong><\/h2>\n<p>Every Kid Fed est une petite organisation \u00e0 but non lucratif d\u00e9di\u00e9 \u00e0 l&#8217;\u00e9limination de la faim chez les enfants. Cela se fait en installant des garde-manger dans les \u00e9coles de Californie, qui ont un taux de pauvret\u00e9 \u00e9lev\u00e9. Depuis sa cr\u00e9ation en 2017, la plateforme a distribu\u00e9 plus de 800000 tables. De plus, en r\u00e9ponse \u00e0 Covid-19, ils ont servi des repas aux familles \u00e0 faible revenu tous les vendredis. Il fournit \u00e0 ces familles l&#8217;essentiel pour nourrir une famille de quatre personnes.<\/p>\n<p><a href=\"https:\/\/everykidfed.org\/\">https:\/\/everykidfed.org\/<\/a><\/p>\n<h2>A Hot Meal<\/h2>\n<p>&#8220;A Hot Meal&#8221; fonctionne depuis juin 2013, lorsqu&#8217;un groupe de personnes de Cluj-Napoca a r\u00e9colt\u00e9 100 lei, qui ont \u00e9t\u00e9 utilis\u00e9s pour pr\u00e9parer 50 repas chauds \u00e0 la cantine sociale de la mairie de Cluj-Napoca sur la place du mus\u00e9e. Nos activit\u00e9s se sont progressivement \u00e9tendues \u00e0 d&#8217;autres villes, notamment Adjud, Bucarest, Bistrita, Constanta, Satu Mare et Zalau. Nos repas chauds sont livr\u00e9s aux enfants dans un centre de jour g\u00e9r\u00e9 par d&#8217;autres agences non gouvernementales sp\u00e9cialis\u00e9es dans l&#8217;h\u00e9bergement des adultes, mais aussi des personnes vuln\u00e9rables sans domicile.<\/p>\n<p><a href=\"https:\/\/omasacalda.ro\/\">https:\/\/omasacalda.ro\/<\/a><\/p>\n<h2>Heifer international<\/h2>\n<p>En collaboration avec les communaut\u00e9s que nous repr\u00e9sentons, nous nous effor\u00e7ons de mettre fin \u00e0 la faim et \u00e0 la pauvret\u00e9. Nos services aident les entrepreneurs du monde entier \u00e0 faire une diff\u00e9rence \u00e0 partir de z\u00e9ro. Cela commence par un investissement dans les animaux ou les semences agricoles, puis par le mentorat pour aider les participants au projet \u00e0 d\u00e9velopper une entreprise et, enfin, \u00e0 acc\u00e9der aux cha\u00eenes d&#8217;approvisionnement et aux march\u00e9s. Ces familles sont capables de subvenir \u00e0 leurs besoins et \u00e0 ceux de leur quartier, tout en formant la prochaine g\u00e9n\u00e9ration de dirigeants. Nous investissons dans une nouvelle g\u00e9n\u00e9ration de succ\u00e8s, aidant et \u00e9duquant les agriculteurs, les \u00e9leveurs et les propri\u00e9taires d&#8217;entreprises du monde entier.<\/p>\n<p><a href=\"https:\/\/www.heifer.org\/\">https:\/\/www.heifer.org\/<\/a><\/p>\n","protected":false},"excerpt":{"rendered":"<p>Share the meal ShareTheMeal, un projet du Programme Alimentaire Mondial des Nations Unies, est une application mobile qui vous permet de \u00abpartager un repas\u00bb avec un enfant dans le besoin, en contribuant une seule somme d&#8217;argent d&#8217;une simple pression sur le t\u00e9l\u00e9phone. ShareTheMeal est une organisation \u00e0 but non lucratif qui collecte des fonds pour [&hellip;]<\/p>\n","protected":false},"author":5,"featured_media":0,"parent":0,"menu_order":0,"comment_status":"closed","ping_status":"closed","template":"","meta":[],"_links":{"self":[{"href":"https:\/\/www.cs.ubbcluj.ro\/~avescan\/avenir\/index.php\/wp-json\/wp\/v2\/pages\/54"}],"collection":[{"href":"https:\/\/www.cs.ubbcluj.ro\/~avescan\/avenir\/index.php\/wp-json\/wp\/v2\/pages"}],"about":[{"href":"https:\/\/www.cs.ubbcluj.ro\/~avescan\/avenir\/index.php\/wp-json\/wp\/v2\/types\/page"}],"author":[{"embeddable":true,"href":"https:\/\/www.cs.ubbcluj.ro\/~avescan\/avenir\/index.php\/wp-json\/wp\/v2\/users\/5"}],"replies":[{"embeddable":true,"href":"https:\/\/www.cs.ubbcluj.ro\/~avescan\/avenir\/index.php\/wp-json\/wp\/v2\/comments?post=54"}],"version-history":[{"count":15,"href":"https:\/\/www.cs.ubbcluj.ro\/~avescan\/avenir\/index.php\/wp-json\/wp\/v2\/pages\/54\/revisions"}],"predecessor-version":[{"id":292,"href":"https:\/\/www.cs.ubbcluj.ro\/~avescan\/avenir\/index.php\/wp-json\/wp\/v2\/pages\/54\/revisions\/292"}],"wp:attachment":[{"href":"https:\/\/www.cs.ubbcluj.ro\/~avescan\/avenir\/index.php\/wp-json\/wp\/v2\/media?parent=54"}],"curies":[{"name":"wp","href":"https:\/\/api.w.org\/{rel}","templated":true}]}}