{"id":53,"date":"2021-04-16T15:48:19","date_gmt":"2021-04-16T15:48:19","guid":{"rendered":"https:\/\/www.cs.ubbcluj.ro\/~avescan\/avenir\/?page_id=53"},"modified":"2021-08-03T14:31:53","modified_gmt":"2021-08-03T14:31:53","slug":"prezentare","status":"publish","type":"page","link":"https:\/\/www.cs.ubbcluj.ro\/~avescan\/avenir\/index.php\/sanatate-si-stare-de-bine\/prezentare\/","title":{"rendered":"Pr\u00e9sentation"},"content":{"rendered":"<p><b>Sur cette page, vous trouverez des vid\u00e9os sur l&#8217;utilisation de la plate-forme et la visualisation des statistiques.<\/b><\/p>\n<p>Nous proposons des statistiques et des donn\u00e9es techniques accessibles \u00e0 tous.<\/p>\n<p>De cette fa\u00e7on, vous pouvez afficher diff\u00e9rentes statistiques pour diff\u00e9rentes maladies.<\/p>\n<p>Objectifs:<\/p>\n<p>Renforcer la capacit\u00e9 du pays \u00e0 planifier, mettre en \u0153uvre, suivre et examiner les progr\u00e8s et les processus normalis\u00e9s de collecte, de disponibilit\u00e9, d&#8217;analyse et d&#8217;utilisation des donn\u00e9es pour atteindre les objectifs nationaux li\u00e9s \u00e0 la sant\u00e9 (et donc les \u00e9ventuels objectifs de sant\u00e9 des ODD); Am\u00e9liorer l&#8217;efficacit\u00e9 et l&#8217;alignement des investissements techniques et financiers dans les syst\u00e8mes de donn\u00e9es de sant\u00e9 gr\u00e2ce \u00e0 une action collective; Accro\u00eetre l&#8217;impact des biens et instruments publics mondiaux sur les syst\u00e8mes de donn\u00e9es sanitaires du pays gr\u00e2ce \u00e0 des \u00e9changes, un apprentissage et une implication accrus dans le pays.<\/p>\n<p>Des principes:<\/p>\n<p>Les donn\u00e9es sont un bien public et les pays devraient toujours \u00eatre consult\u00e9s avant de publier des donn\u00e9es sur la sant\u00e9 mondiale;<br \/>\nPromouvoir l&#8217;appropriation et le leadership du pays pour interagir avec les politiques nationales (gouvernement, partenaires et citoyens), les processus nationaux de planification et de budg\u00e9tisation et les initiatives pour assurer une planification et une responsabilisation fond\u00e9es sur des donn\u00e9es;<br \/>\nFond\u00e9s sur les syst\u00e8mes de donn\u00e9es existants, ils sont d\u00e9tenus et utilis\u00e9s en tirant parti des ressources techniques et financi\u00e8res des initiatives de donn\u00e9es dans d&#8217;autres secteurs, agences et partenariats et communaut\u00e9s de pratique existantes et en investissant dans les donn\u00e9es et les aspects de mesure dans plusieurs programmes<br \/>\nPromouvoir l&#8217;utilisation et la conformit\u00e9 du guide en 18 points GATHER pour accro\u00eetre l&#8217;exactitude, la transparence et la rapidit\u00e9 de la collecte des donn\u00e9es;<br \/>\nEncourage et facilite l&#8217;analyse, la visualisation et l&#8217;utilisation des donn\u00e9es \u00e0 tous les niveaux;<br \/>\nPromouvoir la transparence et un acc\u00e8s accru aux donn\u00e9es;<br \/>\nAm\u00e9liorer les approches r\u00e9gionales et nationales (en particulier l&#8217;apprentissage par les pairs) de la gestion des connaissances;<br \/>\nConcentrez-vous sur un nombre limit\u00e9 d&#8217;actions concr\u00e8tes et incr\u00e9mentales ayant un impact et maintenez le meilleur effort, une philosophie de bonne volont\u00e9 entre les partenaires.<\/p>\n<p>&nbsp;<\/p>\n","protected":false},"excerpt":{"rendered":"<p>Sur cette page, vous trouverez des vid\u00e9os sur l&#8217;utilisation de la plate-forme et la visualisation des statistiques. Nous proposons des statistiques et des donn\u00e9es techniques accessibles \u00e0 tous. De cette fa\u00e7on, vous pouvez afficher diff\u00e9rentes statistiques pour diff\u00e9rentes maladies. Objectifs: Renforcer la capacit\u00e9 du pays \u00e0 planifier, mettre en \u0153uvre, suivre et examiner les progr\u00e8s [&hellip;]<\/p>\n","protected":false},"author":4,"featured_media":0,"parent":14,"menu_order":0,"comment_status":"closed","ping_status":"closed","template":"","meta":[],"_links":{"self":[{"href":"https:\/\/www.cs.ubbcluj.ro\/~avescan\/avenir\/index.php\/wp-json\/wp\/v2\/pages\/53"}],"collection":[{"href":"https:\/\/www.cs.ubbcluj.ro\/~avescan\/avenir\/index.php\/wp-json\/wp\/v2\/pages"}],"about":[{"href":"https:\/\/www.cs.ubbcluj.ro\/~avescan\/avenir\/index.php\/wp-json\/wp\/v2\/types\/page"}],"author":[{"embeddable":true,"href":"https:\/\/www.cs.ubbcluj.ro\/~avescan\/avenir\/index.php\/wp-json\/wp\/v2\/users\/4"}],"replies":[{"embeddable":true,"href":"https:\/\/www.cs.ubbcluj.ro\/~avescan\/avenir\/index.php\/wp-json\/wp\/v2\/comments?post=53"}],"version-history":[{"count":16,"href":"https:\/\/www.cs.ubbcluj.ro\/~avescan\/avenir\/index.php\/wp-json\/wp\/v2\/pages\/53\/revisions"}],"predecessor-version":[{"id":295,"href":"https:\/\/www.cs.ubbcluj.ro\/~avescan\/avenir\/index.php\/wp-json\/wp\/v2\/pages\/53\/revisions\/295"}],"up":[{"embeddable":true,"href":"https:\/\/www.cs.ubbcluj.ro\/~avescan\/avenir\/index.php\/wp-json\/wp\/v2\/pages\/14"}],"wp:attachment":[{"href":"https:\/\/www.cs.ubbcluj.ro\/~avescan\/avenir\/index.php\/wp-json\/wp\/v2\/media?parent=53"}],"curies":[{"name":"wp","href":"https:\/\/api.w.org\/{rel}","templated":true}]}}