{"id":212,"date":"2021-05-25T14:37:52","date_gmt":"2021-05-25T14:37:52","guid":{"rendered":"https:\/\/www.cs.ubbcluj.ro\/~avescan\/avenir\/?page_id=212"},"modified":"2021-08-03T14:33:15","modified_gmt":"2021-08-03T14:33:15","slug":"prezentare-ro","status":"publish","type":"page","link":"https:\/\/www.cs.ubbcluj.ro\/~avescan\/avenir\/index.php\/ro\/sanatate-si-stare-de-bine-2\/prezentare-ro\/","title":{"rendered":"Prezentare"},"content":{"rendered":"<p><b>In aceasta pagina vor fi videoclipuri despre utilizarea platformei si vizualizarea statisticilor.<br \/>\n<\/b><\/p>\n<p>Oferim statistici si date tehnice disponibile tuturor.<\/p>\n<p>In acest mod puteti vizualiza diferite statistici pentru diferite afectiuni.<\/p>\n<p><strong>Obiective:<\/strong><\/p>\n<p>Consolidarea capacit\u0103\u021bii \u021b\u0103rii de a planifica, implementa, monitoriza \u0219i revizui progresul \u0219i procesele standardizate de colectare, disponibilitate, analiz\u0103 \u0219i utilizare a datelor pentru atingerea obiectivelor na\u021bionale legate de s\u0103n\u0103tate (\u0219i, prin urmare, a eventualelor obiective de s\u0103n\u0103tate ale ODD); Pentru a \u00eembun\u0103t\u0103\u021bi eficien\u021ba \u0219i alinierea investi\u021biilor tehnice \u0219i financiare \u00een sistemele de date de s\u0103n\u0103tate prin ac\u021biuni colective; Cre\u0219terea impactului bunurilor \u0219i instrumentelor publice globale asupra sistemelor de date de s\u0103n\u0103tate ale \u021b\u0103rii prin schimburi sporite, \u00eenv\u0103\u021bare \u0219i implicare \u00een \u021bar\u0103.<\/p>\n<p><strong>Principii:<\/strong><\/p>\n<p style=\"text-align: justify;\">Datele sunt un bun public, iar \u021b\u0103rile ar trebui \u00eentotdeauna consultate \u00eenainte de a elibera date de s\u0103n\u0103tate la nivel global;<br \/>\nPromovarea propriet\u0103\u021bii \u0219i a conducerii \u021b\u0103rii pentru a interac\u021biona cu politicile na\u021bionale (guvern, parteneri \u0219i cet\u0103\u021beni), procesele \u0219i ini\u021biativele de planificare \u0219i bugetare na\u021bionale pentru a asigura planificarea \u0219i responsabilitatea bazate pe date;<br \/>\nConstrui\u021bi pe sisteme de date care func\u021bioneaz\u0103 deja, sunt de\u021binute \u0219i utilizate prin valorificarea resurselor tehnice \u0219i financiare din ini\u021biativele de date din alte sectoare, agen\u021bii \u0219i parteneriate \u0219i comunit\u0103\u021bile de practic\u0103 existente \u0219i investind \u00een aspecte de date \u0219i m\u0103surare \u00eentre programe multiple;<br \/>\nPromova\u021bi utilizarea \u0219i respectarea ghidului GATHER \u00een 18 puncte pentru a spori precizia, transparen\u021ba \u0219i actualitatea colect\u0103rii datelor;<br \/>\n\u00cencurajeaz\u0103 \u0219i faciliteaz\u0103 analiza, vizualizarea \u0219i utilizarea datelor la toate nivelurile;<br \/>\nPromovarea transparen\u021bei \u0219i accesului sporit la date;<br \/>\n\u00cembun\u0103t\u0103\u021birea abord\u0103rilor regionale \u0219i na\u021bionale (\u00een special \u00eenv\u0103\u021barea de la egal la egal) pentru gestionarea cuno\u0219tin\u021belor;<br \/>\nConcentra\u021bi-v\u0103 pe un num\u0103r limitat de ac\u021biuni concrete, incrementale cu impact \u0219i men\u021bine\u021bi cel mai bun efort, filozofie de bun\u0103 voin\u021b\u0103 \u00een r\u00e2ndul partenerilor.<\/p>\n<p>&nbsp;<\/p>\n","protected":false},"excerpt":{"rendered":"<p>In aceasta pagina vor fi videoclipuri despre utilizarea platformei si vizualizarea statisticilor. Oferim statistici si date tehnice disponibile tuturor. In acest mod puteti vizualiza diferite statistici pentru diferite afectiuni. Obiective: Consolidarea capacit\u0103\u021bii \u021b\u0103rii de a planifica, implementa, monitoriza \u0219i revizui progresul \u0219i procesele standardizate de colectare, disponibilitate, analiz\u0103 \u0219i utilizare a datelor pentru atingerea obiectivelor [&hellip;]<\/p>\n","protected":false},"author":1,"featured_media":0,"parent":207,"menu_order":0,"comment_status":"closed","ping_status":"closed","template":"","meta":[],"_links":{"self":[{"href":"https:\/\/www.cs.ubbcluj.ro\/~avescan\/avenir\/index.php\/wp-json\/wp\/v2\/pages\/212"}],"collection":[{"href":"https:\/\/www.cs.ubbcluj.ro\/~avescan\/avenir\/index.php\/wp-json\/wp\/v2\/pages"}],"about":[{"href":"https:\/\/www.cs.ubbcluj.ro\/~avescan\/avenir\/index.php\/wp-json\/wp\/v2\/types\/page"}],"author":[{"embeddable":true,"href":"https:\/\/www.cs.ubbcluj.ro\/~avescan\/avenir\/index.php\/wp-json\/wp\/v2\/users\/1"}],"replies":[{"embeddable":true,"href":"https:\/\/www.cs.ubbcluj.ro\/~avescan\/avenir\/index.php\/wp-json\/wp\/v2\/comments?post=212"}],"version-history":[{"count":4,"href":"https:\/\/www.cs.ubbcluj.ro\/~avescan\/avenir\/index.php\/wp-json\/wp\/v2\/pages\/212\/revisions"}],"predecessor-version":[{"id":296,"href":"https:\/\/www.cs.ubbcluj.ro\/~avescan\/avenir\/index.php\/wp-json\/wp\/v2\/pages\/212\/revisions\/296"}],"up":[{"embeddable":true,"href":"https:\/\/www.cs.ubbcluj.ro\/~avescan\/avenir\/index.php\/wp-json\/wp\/v2\/pages\/207"}],"wp:attachment":[{"href":"https:\/\/www.cs.ubbcluj.ro\/~avescan\/avenir\/index.php\/wp-json\/wp\/v2\/media?parent=212"}],"curies":[{"name":"wp","href":"https:\/\/api.w.org\/{rel}","templated":true}]}}