{"id":354,"date":"2023-11-12T09:29:39","date_gmt":"2023-11-12T09:29:39","guid":{"rendered":"https:\/\/www.cs.ubbcluj.ro\/windmil\/?page_id=354"},"modified":"2025-06-09T15:46:47","modified_gmt":"2025-06-09T15:46:47","slug":"rezultatele-proiectului","status":"publish","type":"page","link":"https:\/\/www.cs.ubbcluj.ro\/windmil\/ro\/rezultatele-proiectului\/","title":{"rendered":"Rezultatele Proiectului"},"content":{"rendered":"\n<p class=\"has-text-align-left\"><strong>Scopul <\/strong>principal al proiectului WinDMiL este de a crea software-ul de data mining bazat pe ML pentru a asista meteorologii opera\u021bionali \u00een sarcinile lor zilnice, oferindu-le vizualiz\u0103ri u\u0219or de citit ale rezultatelor. <\/p>\n\n\n\n<p class=\"has-text-align-left\">Rezultatele unor astfel de analize ar fi relevante \u00een diverse procese meteorologice, cum ar fi prognoza cantitativ\u0103 a precipita\u021biilor \u0219i predic\u021bia h\u0103r\u021bilor meteorologice. Acestea sunt printre cele mai provocatoare activit\u0103\u021bi \u00een meteorologie \u0219i sunt utile \u00een prognoza evenimentelor severe precum grindina, precipita\u021biile etc. Solu\u021bia software DM propus\u0103 \u00een cadrul acestui proiect ar putea oferi meteorologilor \u0219i climatologilor posibilitatea de a analiza o baz\u0103 de date uria\u0219\u0103 care con\u021bine informa\u021bii relevante privind evolu\u021bia vremii, ceea ce altfel ar fi foarte dificil de realizat \u00eentr-o manier\u0103 formal\u0103.<\/p>\n","protected":false},"excerpt":{"rendered":"<p>Scopul principal al proiectului WinDMiL este de a crea software-ul de data mining bazat pe ML pentru a asista meteorologii&hellip; <\/p>\n","protected":false},"author":1,"featured_media":0,"parent":0,"menu_order":0,"comment_status":"closed","ping_status":"closed","template":"","meta":[],"_links":{"self":[{"href":"https:\/\/www.cs.ubbcluj.ro\/windmil\/wp-json\/wp\/v2\/pages\/354"}],"collection":[{"href":"https:\/\/www.cs.ubbcluj.ro\/windmil\/wp-json\/wp\/v2\/pages"}],"about":[{"href":"https:\/\/www.cs.ubbcluj.ro\/windmil\/wp-json\/wp\/v2\/types\/page"}],"author":[{"embeddable":true,"href":"https:\/\/www.cs.ubbcluj.ro\/windmil\/wp-json\/wp\/v2\/users\/1"}],"replies":[{"embeddable":true,"href":"https:\/\/www.cs.ubbcluj.ro\/windmil\/wp-json\/wp\/v2\/comments?post=354"}],"version-history":[{"count":5,"href":"https:\/\/www.cs.ubbcluj.ro\/windmil\/wp-json\/wp\/v2\/pages\/354\/revisions"}],"predecessor-version":[{"id":409,"href":"https:\/\/www.cs.ubbcluj.ro\/windmil\/wp-json\/wp\/v2\/pages\/354\/revisions\/409"}],"wp:attachment":[{"href":"https:\/\/www.cs.ubbcluj.ro\/windmil\/wp-json\/wp\/v2\/media?parent=354"}],"curies":[{"name":"wp","href":"https:\/\/api.w.org\/{rel}","templated":true}]}}