{"id":104,"date":"2021-02-10T08:50:13","date_gmt":"2021-02-10T08:50:13","guid":{"rendered":"http:\/\/www.cs.ubbcluj.ro\/windmil\/?page_id=104"},"modified":"2025-11-23T18:51:54","modified_gmt":"2025-11-23T18:51:54","slug":"echipa","status":"publish","type":"page","link":"https:\/\/www.cs.ubbcluj.ro\/windmil\/ro\/echipa\/","title":{"rendered":"Echipa"},"content":{"rendered":"\n<p><a href=\"https:\/\/www.ubbcluj.ro\/en\/\" data-type=\"URL\" data-id=\"https:\/\/www.ubbcluj.ro\/en\/\">Universitatea Babe\u0219-Bolyai<\/a> este o universitate public\u0103, \u00een prezent cea mai mare universitate din Rom\u00e2nia \u0219i una dintre cele mai bune \u0219i mai reprezentative institu\u021bii de \u00eenv\u0103\u021b\u0103m\u00e2nt superior din \u021bar\u0103. La nivel na\u021bional, Universitatea Babe\u0219-Bolyai a primit titlul de universitate de cercetare intensiv\u0103 \u0219i a fost cea mai bine clasat\u0103 universitate rom\u00e2neasc\u0103 \u00een meta-clasamentul <a href=\"https:\/\/cwur.org\/2019-2020.php\" data-type=\"URL\" data-id=\"https:\/\/cwur.org\/2019-2020.php\">CWUR World University Rankings 2019-2020<\/a>. <\/p>\n\n\n\n<p>Echipa proiectului este format\u0103 din membri cu un nivel \u00eenalt de expertiz\u0103 \u0219i <a href=\"http:\/\/www.cs.ubbcluj.ro\/windmil\/publications\/\">rezultate \u0219tiin\u021bifice valoroase<\/a> \u00een domeniile inteligen\u021bei artificiale, dezvolt\u0103rii software \u0219i \u00eentre\u021binerii \u0219i calit\u0103\u021bii produselor software. Membrii grupului implica\u021bi \u00een proiect:<\/p>\n\n\n\n<details><summary><font color=\"red\"><b><u>Vezi echipa UBB<\/u><\/b><\/font><\/summary><p>\n<figure class=\"wp-block-table is-style-stripes\"><table><tbody>\n<tr><td><br><a rel=\"noreferrer noopener\" href=\"http:\/\/www.cs.ubbcluj.ro\/~gabis\/\" data-type=\"URL\" data-id=\"http:\/\/www.cs.ubbcluj.ro\/~gabis\/\" target=\"_blank\"><strong>prof. dr. Czibula Gabriela<\/strong><\/a><br><br>Gabriela Czibula este profesor \u00een cadrul Departamentului de Informatic\u0103 al Facult\u0103\u021bii de Matematic\u0103 \u0219i Informatic\u0103, Universitatea Babe\u0219-Bolyai Cluj-Napoca, Rom\u00e2nia. A ob\u021binut titlul de doctor \u00een Informatic\u0103 \u00een anul 2003. A publicat peste 200 de lucr\u0103ri \u00een reviste \u0219i la conferin\u021be de prestigiu. Domeniile sale de cercetare includ Inteligen\u021ba computa\u021bional\u0103, \u00cenv\u0103\u021barea automat\u0103, Inteligen\u021ba artificial\u0103 \u0219i Sisteme multiagent distribuite, Bioinformatica.<br><a rel=\"noreferrer noopener\" href=\"https:\/\/scholar.google.com\/citations?user=0_ybi_oAAAAJ&amp;hl=ro\" data-type=\"URL\" data-id=\"https:\/\/scholar.google.com\/citations?user=0_ybi_oAAAAJ&amp;hl=ro\" target=\"_blank\">Google Scholar<\/a><\/td><\/tr>\n<tr><td><br><a rel=\"noreferrer noopener\" href=\"http:\/\/www.cs.ubbcluj.ro\/~istvanc\/\" data-type=\"URL\" data-id=\"http:\/\/www.cs.ubbcluj.ro\/~istvanc\/\" target=\"_blank\"><strong>prof. dr. Czibula Istvan<\/strong><\/a><br><br>Istvan Gergely Czibula este profesor \u00een cadrul Departamentului de Informatic\u0103 al Facult\u0103\u021bii de Matematic\u0103 \u0219i Informatic\u0103, Universitatea Babe\u0219-Bolyai Cluj-Napoca, Rom\u00e2nia. A ob\u021binut titlul de doctor \u00een Informatic\u0103 \u00een anul 2009. A publicat peste 95 de lucr\u0103ri \u00een diferite reviste \u0219i conferin\u021be. Principalele domenii de cercetare sunt Ingineria soft bazat\u0103 pe c\u0103utare, Ingineria software, Paradigme de programare, Design orientat obiect \u0219i \u00cenv\u0103\u021bare automat\u0103.<br><a rel=\"noreferrer noopener\" href=\"https:\/\/scholar.google.com\/citations?user=eSWofb8AAAAJ&amp;hl=ro&amp;oi=sra\" data-type=\"URL\" data-id=\"https:\/\/scholar.google.com\/citations?user=eSWofb8AAAAJ&amp;hl=ro&amp;oi=sra\" target=\"_blank\">Google Scholar<\/a><\/td><\/tr>\n<tr><td><br><a rel=\"noreferrer noopener\" href=\"https:\/\/arthur486.wordpress.com\/\" data-type=\"URL\" data-id=\"https:\/\/arthur486.wordpress.com\/\" target=\"_blank\"><strong>conf. dr. Molnar Arthur<\/strong><\/a><br><br>Molnar Arthur este conferen\u021biar la Universitatea Babe\u0219-Bolyai Cluj-Napoca. Teza sa de doctorat a urm\u0103rit vizualizarea \u0219i testarea aplica\u021biilor GUI-driven \u0219i a fost prezentat\u0103 cu succes \u00een 2012. Cercetarea lui s-a extins la metrici de acoperire \u0219i rela\u021bia lor cu calitatea software, \u00eempreun\u0103 cu aplica\u021bii ale informaticii \u00een eHealth \u0219i domenii adiacente. A coordonat echipele din Rom\u00e2nia \u00een cadrul a 2 proiecte interna\u021bionale de cercetare \u00een eHealth \u0219i a lucrat ca cercet\u0103tor \u00een alte c\u00e2teva, inclusiv la nivel FP7 \u0219i Horizon 2020.<br><a rel=\"noreferrer noopener\" href=\"https:\/\/scholar.google.com\/citations?user=aPimZycAAAAJ&amp;hl=en\" data-type=\"URL\" data-id=\"https:\/\/scholar.google.com\/citations?user=aPimZycAAAAJ&amp;hl=en\" target=\"_blank\">Google Scholar<\/a><\/td><\/tr>\n<tr><td><br><strong>lect. dr. Mihai Andrei<br><\/strong><br>Mihai Andrei este lector \u00een cadrul Departamentului de Informatic\u0103 al Facult\u0103\u021bii de Matematic\u0103 \u0219i Informatic\u0103, Universitatea Babe\u0219-Bolyai Cluj-Napoca, Rom\u00e2nia. A ob\u021binut titlul de doctor \u00een Informatic\u0103 \u00een anul 2021, cercetarea sa centr\u00e2ndu-se pe modelele de \u00eenv\u0103\u021bare automat\u0103 \u00een prognoza vremii. A publicat 10 lucr\u0103ri \u00een reviste \u0219i conferin\u021be interna\u021bionale. Principalele sale domenii de interes sunt \u00cenv\u0103\u021barea automat\u0103 \u0219i Inteligen\u021ba computa\u021bional\u0103.<br><a rel=\"noreferrer noopener\" href=\"https:\/\/scholar.google.com\/citations?user=1krQvyoAAAAJ&amp;hl=en\" data-type=\"URL\" data-id=\"https:\/\/scholar.google.com\/citations?user=1krQvyoAAAAJ&amp;hl=en\" target=\"_blank\">Google Scholar<\/a><\/td><\/tr>\n<tr><td><br><strong>lect. dr. Maier Mariana<\/strong><br><br>Mariana Maier este \u00een cadrul Departamentului de Didactica \u0218tiin\u021belor Exacte al Facult\u0103\u021bii de Psihologie \u0219i \u0218tiin\u021be ale Educa\u021biei, Universitatea Babe\u0219-Bolyai Cluj-Napoca, Rom\u00e2nia. Domeniile sale de cercetare cuprind \u00cenv\u0103\u021barea automat\u0103, Data mining \u00een educa\u021bie \u0219i Didactica Informaticii.<br><a href=\"https:\/\/scholar.google.com\/citations?user=1MQDkl4AAAAJ&amp;hl=ro\">Google Scholar<\/a><\/td><\/tr>\n<\/tbody><\/table><\/figure>\n<\/p><\/details>\n<tr><td><br><a href=\"https:\/\/www.meteoromania.ro\/\">Administra\u021bia Na\u021bional\u0103 de Meteorologie din Rom\u00e2nia<\/a> (ANM) furnizeaz\u0103 avertiz\u0103ri pentru public \u0219i autorit\u0103\u021bile de gestionare a dezastrelor \u00een caz de fenomene meteorologice severe, fiind totodat\u0103 un furnizor de servicii \u0219tiin\u021bifice \u0219i tehnice \u0219i un partener competent \u0219i de \u00eencredere pentru entit\u0103\u021bile publice \u0219i private. ANM din Rom\u00e2nia este implicat\u0103 activ \u00een proiecte na\u021bionale \u0219i interna\u021bionale de cercetare, respectiv educa\u021bie \u0219i formare profesional\u0103. Rom\u00e2nia este \u00een prezent stat cooperant la Centrul European pentru Prognoze Meteorologice pe Termen Mediu (ECMWF), membru al programului radar OPERA al EUMETNET \u0219i, \u00eencep\u00e2nd cu anul 2010, are statut de membru cu drepturi depline al Organiza\u021biei Europene pentru Exploatarea Sateli\u021bilor Meteorologici (EUMETSAT). Printre obiectivele principale ale ANM se num\u0103r\u0103 activitatea constant\u0103 de modernizare a capacit\u0103\u021bilor de detectare \u00een timp real \u0219i facilitarea schimbului de date la nivel local, regional \u0219i global.<br><br>Echipa de proiect este format\u0103 din membri cu expertiz\u0103 vast\u0103 \u00een domeniile meteorologiei. Membrii grupului WinDMiL implica\u021bi \u00een proiect:<\/td><\/tr>\n<details><summary><font color=\"red\"><b><u><br>Vezi echipa ANM<\/u><\/b><\/font><\/summary><p>\n<figure class=\"wp-block-table is-style-stripes\"><table><tbody>\n<tr><td><br><strong>meteorolog<\/strong> <strong>drd.<\/strong> <strong>Eugen Mihule\u021b<\/strong><br><br>Eugen Mihule\u021b lucreaz\u0103 \u00een Laboratorul de Sateli\u021bi al Administra\u021biei Na\u021bionale de Meteorologie din Rom\u00e2nia. Eugen a fost membru, persoan\u0103 cheie \u0219i ini\u021biator al mai multor proiecte na\u021bionale \u0219i interna\u021bionale de cercetare \u0219i infrastructur\u0103 finan\u021bate prin programe Horizon, granturi SEE sau programe na\u021bionale. Este \u00eenscris \u00eentr-un program de doctorat, iar tema de cercetare este analiza impactului condi\u021biilor meteorologice asupra produc\u021biei de energie fotovoltaic\u0103 utiliz\u00e2nd modele de \u00eenv\u0103\u021bare automat\u0103. Principalele sale interese profesionale sunt noile tehnologii \u00een meteorologie \u0219i analiza datelor meteorologice utiliz\u00e2nd \u00eenv\u0103\u021barea automat\u0103.<\/td><\/tr>\n<tr><td><br><strong>ing. drd. Raluca \u0218tefan<\/strong><br><br>Raluca \u0218tefan este inginer la Administra\u021bia Na\u021bional\u0103 de Meteorologie din Rom\u00e2nia. Principalele sale responsabilit\u0103\u021bi se concentreaz\u0103 pe mentenan\u021ba \u0219i optimizarea sistemelor opera\u021bionale de produc\u021bie, \u00een special pentru produse din domeniul meteorologiei satelitare, \u00een principal pentru activitatea fulgerului. \u00cen acela\u0219i timp, urmeaz\u0103 un doctorat la Universitatea Politehnica din Bucure\u0219ti, unde cercetarea sa este axat\u0103 pe calitatea aerului, emisii \u0219i impactul acestora asupra s\u0103n\u0103t\u0103\u021bii umane, utiliz\u00e2nd modele avansate de chimie computa\u021bional\u0103.<\/td><\/tr>\n<tr><td><br><strong>drd. \u0218tefan Gabrian<\/strong><br><br>\u0218tefan Gabrian lucreaz\u0103 \u00een Laboratorul de Modelare Numeric\u0103 din 2021 \u0219i are expertiz\u0103 \u00een producerea de simul\u0103ri realiste \u00een domeniul predic\u021biei numerice a vremii utiliz\u00e2nd modele ale sistemului terestru precum COSMO, ICON \u0219i WRF. Concomitent, urmeaz\u0103 un doctorat la Universitatea Politehnica din Bucure\u0219ti, cu cercet\u0103ri axate pe optimizarea modelelor numerice de predic\u021bie a vremii.<\/td><\/tr>\n<tr><td><br><strong>Meda Andrei<\/strong><\/td><\/tr><\/tbody><\/table><\/figure>\n<\/p><\/details>\n","protected":false},"excerpt":{"rendered":"<p>Universitatea Babe\u0219-Bolyai este o universitate public\u0103, \u00een prezent cea mai mare universitate din Rom\u00e2nia \u0219i una dintre cele mai bune&hellip; <\/p>\n","protected":false},"author":1,"featured_media":71,"parent":0,"menu_order":0,"comment_status":"closed","ping_status":"closed","template":"","meta":[],"_links":{"self":[{"href":"https:\/\/www.cs.ubbcluj.ro\/windmil\/wp-json\/wp\/v2\/pages\/104"}],"collection":[{"href":"https:\/\/www.cs.ubbcluj.ro\/windmil\/wp-json\/wp\/v2\/pages"}],"about":[{"href":"https:\/\/www.cs.ubbcluj.ro\/windmil\/wp-json\/wp\/v2\/types\/page"}],"author":[{"embeddable":true,"href":"https:\/\/www.cs.ubbcluj.ro\/windmil\/wp-json\/wp\/v2\/users\/1"}],"replies":[{"embeddable":true,"href":"https:\/\/www.cs.ubbcluj.ro\/windmil\/wp-json\/wp\/v2\/comments?post=104"}],"version-history":[{"count":26,"href":"https:\/\/www.cs.ubbcluj.ro\/windmil\/wp-json\/wp\/v2\/pages\/104\/revisions"}],"predecessor-version":[{"id":542,"href":"https:\/\/www.cs.ubbcluj.ro\/windmil\/wp-json\/wp\/v2\/pages\/104\/revisions\/542"}],"wp:featuredmedia":[{"embeddable":true,"href":"https:\/\/www.cs.ubbcluj.ro\/windmil\/wp-json\/wp\/v2\/media\/71"}],"wp:attachment":[{"href":"https:\/\/www.cs.ubbcluj.ro\/windmil\/wp-json\/wp\/v2\/media?parent=104"}],"curies":[{"name":"wp","href":"https:\/\/api.w.org\/{rel}","templated":true}]}}