{"id":23,"date":"2021-03-09T07:15:02","date_gmt":"2021-03-09T07:15:02","guid":{"rendered":"https:\/\/www.cs.ubbcluj.ro\/hlpp2021\/?page_id=23"},"modified":"2021-07-12T10:41:23","modified_gmt":"2021-07-12T08:41:23","slug":"organization","status":"publish","type":"page","link":"https:\/\/www.cs.ubbcluj.ro\/hlpp2021\/organization\/","title":{"rendered":"Organization"},"content":{"rendered":"<h3 id=\"chairs\">Chairs<\/h3>\n<ul>\n<li>Dr. <a href=\"https:\/\/www.cs.ubbcluj.ro\/~vniculescu\/\" target=\"_blank\" rel=\"noopener\">Virginia Niculescu<\/a>, Babe\u015f-Bolyai University of Cluj-Napoca, Romania<\/li>\n<li>Dr. <a href=\"https:\/\/frederic.loulergue.eu\" target=\"_blank\" rel=\"noopener\">Fr\u00e9d\u00e9ric Loulergue<\/a>, Universit\u00e9 d\u2019Orl\u00e9ans, France<\/li>\n<\/ul>\n<h3 id=\"program-committee-members\">Program Committee Members<\/h3>\n<ul>\n<li>Marco Aldinucci, University of Torino, Italy<\/li>\n<li>Miguel Areias, University of Porto, Portugal<\/li>\n<li>Ioana Banicescu, Mississippi State University, USA<\/li>\n<li>Murray Cole, The University of Edinburgh, United Kingdom<\/li>\n<li>Fr\u00e9d\u00e9ric Dabrowski, LIFO &#8211; Universit\u00e9 d&#8217;Orl\u00e9ans, France<\/li>\n<li>Kento Emoto, Kyushu Institute of Technology, Japan<\/li>\n<li>Alex Gerbessiotis, New Jersey Institute of Technology, USA<\/li>\n<li>Sergei Gorlatch, University of Muenster, Germany<\/li>\n<li>Clemens Grelck, University of Amsterdam, Netherlands<\/li>\n<li>Dalvan Griebler, PUCRS\/SETREM, Brasil<\/li>\n<li>Ga\u00e9tan Hains, Huawei Paris Research Center, France<\/li>\n<li>Ludovic Henrio,CNRS- Centre national de la recherche scientifique, France<\/li>\n<li>Christoph Kessler, Link\u00f6ping University, Sweden<\/li>\n<li>Peter\u00a0Kilpatrick,\u00a0Queen&#8217;s University Belfast, UK<\/li>\n<li>Herbert Kuchen, University of Muenster, Germany<\/li>\n<li>Kiminori Matsuzaki, Kochi University of Technology, Japan<\/li>\n<li>Aleksandar Prokopec, Ecole Polytechnique F\u00e9d\u00e9rale de Lausanne, Switzerland<\/li>\n<li>Sophie Robert, LIFO &#8211; Universit\u00e9 d&#8217;Orl\u00e9ans, France<\/li>\n<li>Kostis Sagonas, Uppsala University, Sweden<\/li>\n<li>Massimo Torquati, University of Pisa, Italy<\/li>\n<li>Jesper-Larsson Tr\u00e4ff, Vienna University of Technology, Austria<\/li>\n<\/ul>\n<h3 id=\"program-committee-members\">Steering Committee<\/h3>\n<ul>\n<li>Alexander Tiskin (University of Warwick, United Kingdom)<\/li>\n<li>Clemens Grelck (Universiteit van Amsterdam, Netherlands)<\/li>\n<li>Frederic Loulergue (Universit\u00e9 d\u2019Orl\u00e9ans, France)<\/li>\n<li>Ga\u00e9tan Hains (Huawei Technologies Paris, France)<\/li>\n<li>Kiminori Matsuzaki (Kochi University of Technology, Japan)<\/li>\n<li>Quentin Miller (Somerville College Oxford, United Kingdom)<\/li>\n<\/ul>\n","protected":false},"excerpt":{"rendered":"<p>Chairs Dr. Virginia Niculescu, Babe\u015f-Bolyai University of Cluj-Napoca, Romania Dr. Fr\u00e9d\u00e9ric Loulergue, Universit\u00e9 d\u2019Orl\u00e9ans, France Program Committee Members Marco Aldinucci, University of Torino, Italy Miguel&#8230;<\/p>\n","protected":false},"author":1,"featured_media":0,"parent":0,"menu_order":0,"comment_status":"closed","ping_status":"closed","template":"","meta":{"_links_to":"","_links_to_target":""},"_links":{"self":[{"href":"https:\/\/www.cs.ubbcluj.ro\/hlpp2021\/wp-json\/wp\/v2\/pages\/23"}],"collection":[{"href":"https:\/\/www.cs.ubbcluj.ro\/hlpp2021\/wp-json\/wp\/v2\/pages"}],"about":[{"href":"https:\/\/www.cs.ubbcluj.ro\/hlpp2021\/wp-json\/wp\/v2\/types\/page"}],"author":[{"embeddable":true,"href":"https:\/\/www.cs.ubbcluj.ro\/hlpp2021\/wp-json\/wp\/v2\/users\/1"}],"replies":[{"embeddable":true,"href":"https:\/\/www.cs.ubbcluj.ro\/hlpp2021\/wp-json\/wp\/v2\/comments?post=23"}],"version-history":[{"count":8,"href":"https:\/\/www.cs.ubbcluj.ro\/hlpp2021\/wp-json\/wp\/v2\/pages\/23\/revisions"}],"predecessor-version":[{"id":294,"href":"https:\/\/www.cs.ubbcluj.ro\/hlpp2021\/wp-json\/wp\/v2\/pages\/23\/revisions\/294"}],"wp:attachment":[{"href":"https:\/\/www.cs.ubbcluj.ro\/hlpp2021\/wp-json\/wp\/v2\/media?parent=23"}],"curies":[{"name":"wp","href":"https:\/\/api.w.org\/{rel}","templated":true}]}}